{"id":10188,"date":"2023-02-27T17:54:41","date_gmt":"2023-02-27T20:54:41","guid":{"rendered":"https:\/\/sexysiempre.com\/web\/?post_type=product&#038;p=10188"},"modified":"2023-02-27T17:54:42","modified_gmt":"2023-02-27T20:54:42","slug":"bozal-tapa-boca-eco-cuero-negro","status":"publish","type":"product","link":"https:\/\/sexysiempre.com\/web\/producto\/bozal-tapa-boca-eco-cuero-negro","title":{"rendered":"Bozal Tapa Boca Eco Cuero Negro"},"content":{"rendered":"<p>FA-0428-00-1<\/p>\n<div style=\"text-align: center;\"><b>CUANDO SE JUEGA FUERTE ESTA M\u00c1SCARA ES PERFECTA<\/b><\/div>\n<div style=\"text-align: center;\">Para que la fantas\u00eda cobre vida y el sexo llegue a dominar los sentidos&#8230; Explotar en un divino gemido de placer&#8230;<\/p>\n<\/div>\n<div style=\"text-align: center;\"><b>EXCELENTE M\u00c1SCARA PARA LLEVAR EL BDSM COMO SE DEBE.<\/b><\/div>\n<div style=\"text-align: center;\"><b><br \/>\nCON PRESENCIA, AUTORIDAD Y MUCHO ESTILO.\u00a0<\/b><\/div>\n<div style=\"text-align: center;\"><b>\u00a0<\/b><\/div>\n<div style=\"text-align: center;\">Podr\u00e1 usarlo tanto cumpliendo un rol como en el otro, al dominar o siendo dominado. En ambos casos placentero de usar.<\/div>\n<div style=\"text-align: center;\"><b>\u00a0<\/b><\/div>\n<div style=\"text-align: center;\"><b>CREAR EL PERSONAJE ES PARTE DE LA IMAGINACI\u00d3N.<\/b><\/div>\n<div style=\"text-align: center;\"><b>\u00a0<\/b><\/div>\n<div style=\"text-align: center;\">Una experiencia que junto con otros productos har\u00e1n sentir el\u00a0<b>BDSM EN SU M\u00c1XIMO POTENCIAL<\/b>.<\/div>\n<div style=\"text-align: center;\"><\/div>\n<div style=\"text-align: center;\">Resistente y realizado en cuero ecol\u00f3gico con fuertes herrajes de acero. Color plata.<\/p>\n<p>Regulable a cualquier tama\u00f1o.<\/p><\/div>\n<div style=\"text-align: center;\"><\/div>\n<div style=\"text-align: center;\">Todo el producto est\u00e1 realizado con tachas y completamente cosido para dar una buena terminaci\u00f3n y durabilidad.<\/div>\n<div style=\"text-align: center;\"><\/div>\n<div style=\"text-align: center;\">Interior gamuzado para que sean suaves, agradables y todo sea para disfrutar, gozar y sentir placer de mil formas&#8230;<\/div>\n<p><img fetchpriority=\"high\" decoding=\"async\" class=\"aligncenter size-medium wp-image-10190\" src=\"https:\/\/sexysiempre.com\/web\/wp-content\/uploads\/fa-0428-00-1-bozal-tapa-boca-eco-cuero-negro-858d71e7ea08496aa11751c7e517f031-650x650.jpeg\" alt=\"\" width=\"300\" height=\"300\" srcset=\"https:\/\/sexysiempre.com\/web\/wp-content\/uploads\/fa-0428-00-1-bozal-tapa-boca-eco-cuero-negro-858d71e7ea08496aa11751c7e517f031-650x650.jpeg 650w, https:\/\/sexysiempre.com\/web\/wp-content\/uploads\/fa-0428-00-1-bozal-tapa-boca-eco-cuero-negro-858d71e7ea08496aa11751c7e517f031-150x150.jpeg 150w, https:\/\/sexysiempre.com\/web\/wp-content\/uploads\/fa-0428-00-1-bozal-tapa-boca-eco-cuero-negro-858d71e7ea08496aa11751c7e517f031-768x768.jpeg 768w, https:\/\/sexysiempre.com\/web\/wp-content\/uploads\/fa-0428-00-1-bozal-tapa-boca-eco-cuero-negro-858d71e7ea08496aa11751c7e517f031-120x120.jpeg 120w, https:\/\/sexysiempre.com\/web\/wp-content\/uploads\/fa-0428-00-1-bozal-tapa-boca-eco-cuero-negro-858d71e7ea08496aa11751c7e517f031-300x300.jpeg 300w, https:\/\/sexysiempre.com\/web\/wp-content\/uploads\/fa-0428-00-1-bozal-tapa-boca-eco-cuero-negro-858d71e7ea08496aa11751c7e517f031-600x600.jpeg 600w, https:\/\/sexysiempre.com\/web\/wp-content\/uploads\/fa-0428-00-1-bozal-tapa-boca-eco-cuero-negro-858d71e7ea08496aa11751c7e517f031-100x100.jpeg 100w, https:\/\/sexysiempre.com\/web\/wp-content\/uploads\/fa-0428-00-1-bozal-tapa-boca-eco-cuero-negro-858d71e7ea08496aa11751c7e517f031.jpeg 800w\" sizes=\"(max-width: 300px) 100vw, 300px\" \/><img decoding=\"async\" class=\"aligncenter size-medium wp-image-10191\" src=\"https:\/\/sexysiempre.com\/web\/wp-content\/uploads\/fa-0428-00-1-bozal-tapa-boca-eco-cuero-negro-2f5abb0bc4164b0ba1eaf950a1c53884-650x650.jpeg\" alt=\"\" width=\"300\" height=\"300\" srcset=\"https:\/\/sexysiempre.com\/web\/wp-content\/uploads\/fa-0428-00-1-bozal-tapa-boca-eco-cuero-negro-2f5abb0bc4164b0ba1eaf950a1c53884-650x650.jpeg 650w, https:\/\/sexysiempre.com\/web\/wp-content\/uploads\/fa-0428-00-1-bozal-tapa-boca-eco-cuero-negro-2f5abb0bc4164b0ba1eaf950a1c53884-150x150.jpeg 150w, https:\/\/sexysiempre.com\/web\/wp-content\/uploads\/fa-0428-00-1-bozal-tapa-boca-eco-cuero-negro-2f5abb0bc4164b0ba1eaf950a1c53884-768x768.jpeg 768w, https:\/\/sexysiempre.com\/web\/wp-content\/uploads\/fa-0428-00-1-bozal-tapa-boca-eco-cuero-negro-2f5abb0bc4164b0ba1eaf950a1c53884-120x120.jpeg 120w, https:\/\/sexysiempre.com\/web\/wp-content\/uploads\/fa-0428-00-1-bozal-tapa-boca-eco-cuero-negro-2f5abb0bc4164b0ba1eaf950a1c53884-300x300.jpeg 300w, https:\/\/sexysiempre.com\/web\/wp-content\/uploads\/fa-0428-00-1-bozal-tapa-boca-eco-cuero-negro-2f5abb0bc4164b0ba1eaf950a1c53884-600x600.jpeg 600w, https:\/\/sexysiempre.com\/web\/wp-content\/uploads\/fa-0428-00-1-bozal-tapa-boca-eco-cuero-negro-2f5abb0bc4164b0ba1eaf950a1c53884-100x100.jpeg 100w, https:\/\/sexysiempre.com\/web\/wp-content\/uploads\/fa-0428-00-1-bozal-tapa-boca-eco-cuero-negro-2f5abb0bc4164b0ba1eaf950a1c53884.jpeg 800w\" sizes=\"(max-width: 300px) 100vw, 300px\" \/><\/p>\n","protected":false},"excerpt":{"rendered":"<p>FA-0428-00-1 CUANDO SE JUEGA FUERTE ESTA M\u00c1SCARA ES PERFECTA Para que la fantas\u00eda cobre vida y el sexo llegue a dominar los sentidos&#8230; Explotar en un divino gemido de placer&#8230; EXCELENTE M\u00c1SCARA PARA LLEVAR EL BDSM COMO SE DEBE. CON PRESENCIA, AUTORIDAD Y MUCHO ESTILO.\u00a0 \u00a0 Podr\u00e1 usarlo tanto cumpliendo un rol como en el [&hellip;]<\/p>\n","protected":false},"featured_media":10189,"template":"","meta":[],"product_brand":[],"product_cat":[6,272],"product_tag":[538,366,147,446,146],"class_list":{"0":"post-10188","1":"product","2":"type-product","3":"status-publish","4":"has-post-thumbnail","6":"product_cat-juguetes-accesorios-y-sexshop","7":"product_cat-esposas-mascaras-y-antifaces","8":"product_tag-bdsm","9":"product_tag-mascaras","10":"product_tag-rio-grande","11":"product_tag-sexshop-ushuaia-2","12":"product_tag-tierra-del-fuego","14":"first","15":"instock","16":"shipping-taxable","17":"product-type-simple"},"_links":{"self":[{"href":"https:\/\/sexysiempre.com\/web\/wp-json\/wp\/v2\/product\/10188","targetHints":{"allow":["GET"]}}],"collection":[{"href":"https:\/\/sexysiempre.com\/web\/wp-json\/wp\/v2\/product"}],"about":[{"href":"https:\/\/sexysiempre.com\/web\/wp-json\/wp\/v2\/types\/product"}],"wp:featuredmedia":[{"embeddable":true,"href":"https:\/\/sexysiempre.com\/web\/wp-json\/wp\/v2\/media\/10189"}],"wp:attachment":[{"href":"https:\/\/sexysiempre.com\/web\/wp-json\/wp\/v2\/media?parent=10188"}],"wp:term":[{"taxonomy":"product_brand","embeddable":true,"href":"https:\/\/sexysiempre.com\/web\/wp-json\/wp\/v2\/product_brand?post=10188"},{"taxonomy":"product_cat","embeddable":true,"href":"https:\/\/sexysiempre.com\/web\/wp-json\/wp\/v2\/product_cat?post=10188"},{"taxonomy":"product_tag","embeddable":true,"href":"https:\/\/sexysiempre.com\/web\/wp-json\/wp\/v2\/product_tag?post=10188"}],"curies":[{"name":"wp","href":"https:\/\/api.w.org\/{rel}","templated":true}]}}