{"id":10528,"date":"2023-08-09T21:47:31","date_gmt":"2023-08-10T00:47:31","guid":{"rendered":"https:\/\/sexysiempre.com\/web\/?post_type=product&#038;p=10528"},"modified":"2023-08-09T21:51:58","modified_gmt":"2023-08-10T00:51:58","slug":"bloddy-mery","status":"publish","type":"product","link":"https:\/\/sexysiempre.com\/web\/producto\/bloddy-mery","title":{"rendered":"Bloddy Mery"},"content":{"rendered":"<p style=\"text-align: center;\">BI-014961R<\/p>\n<p style=\"text-align: center;\">Pretty Love y sus dise\u00f1os con 30 vibraciones estimulantes aptos para penetraci\u00f2n y estimulaci\u00f2n clitorial.<\/p>\n<p style=\"text-align: center;\">La calidad es indiscutible, podr\u00e0n imitarlos pero jam\u00e0s igualarlos.<\/p>\n","protected":false},"excerpt":{"rendered":"<p>BI-014961R Pretty Love y sus dise\u00f1os con 30 vibraciones estimulantes aptos para penetraci\u00f2n y estimulaci\u00f2n clitorial. La calidad es indiscutible, podr\u00e0n imitarlos pero jam\u00e0s igualarlos.<\/p>\n","protected":false},"featured_media":10529,"template":"","meta":[],"product_brand":[],"product_cat":[6,275],"product_tag":[466,147,446,146,89],"class_list":{"0":"post-10528","1":"product","2":"type-product","3":"status-publish","4":"has-post-thumbnail","6":"product_cat-juguetes-accesorios-y-sexshop","7":"product_cat-alta-gama-rotadores-y-otros","8":"product_tag-pretty-love","9":"product_tag-rio-grande","10":"product_tag-sexshop-ushuaia-2","11":"product_tag-tierra-del-fuego","12":"product_tag-vibradores-2","14":"first","15":"instock","16":"shipping-taxable","17":"product-type-simple"},"_links":{"self":[{"href":"https:\/\/sexysiempre.com\/web\/wp-json\/wp\/v2\/product\/10528","targetHints":{"allow":["GET"]}}],"collection":[{"href":"https:\/\/sexysiempre.com\/web\/wp-json\/wp\/v2\/product"}],"about":[{"href":"https:\/\/sexysiempre.com\/web\/wp-json\/wp\/v2\/types\/product"}],"wp:featuredmedia":[{"embeddable":true,"href":"https:\/\/sexysiempre.com\/web\/wp-json\/wp\/v2\/media\/10529"}],"wp:attachment":[{"href":"https:\/\/sexysiempre.com\/web\/wp-json\/wp\/v2\/media?parent=10528"}],"wp:term":[{"taxonomy":"product_brand","embeddable":true,"href":"https:\/\/sexysiempre.com\/web\/wp-json\/wp\/v2\/product_brand?post=10528"},{"taxonomy":"product_cat","embeddable":true,"href":"https:\/\/sexysiempre.com\/web\/wp-json\/wp\/v2\/product_cat?post=10528"},{"taxonomy":"product_tag","embeddable":true,"href":"https:\/\/sexysiempre.com\/web\/wp-json\/wp\/v2\/product_tag?post=10528"}],"curies":[{"name":"wp","href":"https:\/\/api.w.org\/{rel}","templated":true}]}}