{"id":11000,"date":"2024-05-31T00:45:51","date_gmt":"2024-05-31T03:45:51","guid":{"rendered":"https:\/\/sexysiempre.com\/web\/?post_type=product&#038;p=11000"},"modified":"2024-05-31T00:47:45","modified_gmt":"2024-05-31T03:47:45","slug":"crema-sensual-my-hemp-50ml","status":"publish","type":"product","link":"https:\/\/sexysiempre.com\/web\/producto\/crema-sensual-my-hemp-50ml","title":{"rendered":"Crema Sensual My Hemp -50Ml"},"content":{"rendered":"<div><img fetchpriority=\"high\" decoding=\"async\" class=\"aligncenter size-medium wp-image-11002\" src=\"https:\/\/sexysiempre.com\/web\/wp-content\/uploads\/mh01-crema-sensual-my-hemp-50ml-85b3be772054428297ea9020b0d1cd1b-650x650.jpeg\" alt=\"\" width=\"300\" height=\"300\" srcset=\"https:\/\/sexysiempre.com\/web\/wp-content\/uploads\/mh01-crema-sensual-my-hemp-50ml-85b3be772054428297ea9020b0d1cd1b-650x650.jpeg 650w, https:\/\/sexysiempre.com\/web\/wp-content\/uploads\/mh01-crema-sensual-my-hemp-50ml-85b3be772054428297ea9020b0d1cd1b-150x150.jpeg 150w, https:\/\/sexysiempre.com\/web\/wp-content\/uploads\/mh01-crema-sensual-my-hemp-50ml-85b3be772054428297ea9020b0d1cd1b-768x768.jpeg 768w, https:\/\/sexysiempre.com\/web\/wp-content\/uploads\/mh01-crema-sensual-my-hemp-50ml-85b3be772054428297ea9020b0d1cd1b-120x120.jpeg 120w, https:\/\/sexysiempre.com\/web\/wp-content\/uploads\/mh01-crema-sensual-my-hemp-50ml-85b3be772054428297ea9020b0d1cd1b-300x300.jpeg 300w, https:\/\/sexysiempre.com\/web\/wp-content\/uploads\/mh01-crema-sensual-my-hemp-50ml-85b3be772054428297ea9020b0d1cd1b-600x600.jpeg 600w, https:\/\/sexysiempre.com\/web\/wp-content\/uploads\/mh01-crema-sensual-my-hemp-50ml-85b3be772054428297ea9020b0d1cd1b-100x100.jpeg 100w, https:\/\/sexysiempre.com\/web\/wp-content\/uploads\/mh01-crema-sensual-my-hemp-50ml-85b3be772054428297ea9020b0d1cd1b.jpeg 800w\" sizes=\"(max-width: 300px) 100vw, 300px\" \/><\/div>\n<div><\/div>\n<div style=\"text-align: center;\">El CBD es el cannabinoide obtenido de la planta del c\u00e1\u00f1amo con mayores propiedades terap\u00e9uticas conocidas hasta el momento, de las cuales, las m\u00e1s destacadas son sus efectos relajantes y afrodis\u00edacos.<\/div>\n<div style=\"text-align: center;\"><\/div>\n<div style=\"text-align: center;\">La crema hidrata intensamente la piel.<\/div>\n<div style=\"text-align: center;\"><\/div>\n<div style=\"text-align: center;\">Aplic\u00e1 una peque\u00f1a cantidad y masajea.<\/div>\n<div style=\"text-align: center;\"><\/div>\n<div style=\"text-align: center;\">Llev\u00e1 tus sentidos al m\u00e1ximo y disfrut\u00e1 de un placer \u00fanico.<\/div>\n","protected":false},"excerpt":{"rendered":"<p>El CBD es el cannabinoide obtenido de la planta del c\u00e1\u00f1amo con mayores propiedades terap\u00e9uticas conocidas hasta el momento, de las cuales, las m\u00e1s destacadas son sus efectos relajantes y afrodis\u00edacos. La crema hidrata intensamente la piel. Aplic\u00e1 una peque\u00f1a cantidad y masajea. Llev\u00e1 tus sentidos al m\u00e1ximo y disfrut\u00e1 de un placer \u00fanico.<\/p>\n","protected":false},"featured_media":11001,"template":"","meta":[],"product_brand":[],"product_cat":[6,20],"product_tag":[78,147,446,146],"class_list":{"0":"post-11000","1":"product","2":"type-product","3":"status-publish","4":"has-post-thumbnail","6":"product_cat-juguetes-accesorios-y-sexshop","7":"product_cat-aceites-geles-y-lubricantes","8":"product_tag-lubricantes","9":"product_tag-rio-grande","10":"product_tag-sexshop-ushuaia-2","11":"product_tag-tierra-del-fuego","13":"first","14":"instock","15":"shipping-taxable","16":"product-type-simple"},"_links":{"self":[{"href":"https:\/\/sexysiempre.com\/web\/wp-json\/wp\/v2\/product\/11000","targetHints":{"allow":["GET"]}}],"collection":[{"href":"https:\/\/sexysiempre.com\/web\/wp-json\/wp\/v2\/product"}],"about":[{"href":"https:\/\/sexysiempre.com\/web\/wp-json\/wp\/v2\/types\/product"}],"wp:featuredmedia":[{"embeddable":true,"href":"https:\/\/sexysiempre.com\/web\/wp-json\/wp\/v2\/media\/11001"}],"wp:attachment":[{"href":"https:\/\/sexysiempre.com\/web\/wp-json\/wp\/v2\/media?parent=11000"}],"wp:term":[{"taxonomy":"product_brand","embeddable":true,"href":"https:\/\/sexysiempre.com\/web\/wp-json\/wp\/v2\/product_brand?post=11000"},{"taxonomy":"product_cat","embeddable":true,"href":"https:\/\/sexysiempre.com\/web\/wp-json\/wp\/v2\/product_cat?post=11000"},{"taxonomy":"product_tag","embeddable":true,"href":"https:\/\/sexysiempre.com\/web\/wp-json\/wp\/v2\/product_tag?post=11000"}],"curies":[{"name":"wp","href":"https:\/\/api.w.org\/{rel}","templated":true}]}}