{"id":11283,"date":"2024-10-15T20:54:59","date_gmt":"2024-10-15T23:54:59","guid":{"rendered":"https:\/\/sexysiempre.com\/web\/?post_type=product&#038;p=11283"},"modified":"2024-10-15T20:59:01","modified_gmt":"2024-10-15T23:59:01","slug":"anillo-passionate-ring-ix-doble","status":"publish","type":"product","link":"https:\/\/sexysiempre.com\/web\/producto\/anillo-passionate-ring-ix-doble","title":{"rendered":"Anillo \u00abPassionate Ring IX doble"},"content":{"rendered":"<p style=\"text-align: center;\">BI-210296<\/p>\n<p>&nbsp;<\/p>\n<p style=\"text-align: center;\">Anillo doble vibrador, con mariposa en su parte superior para estimular cl\u00edtoris. Por el aro mas grande se pasan los test\u00edculos y por el mas peque\u00f1o el pene, adquiriendo su m\u00e1xima erecci\u00f3n e intenso placer con sus vibraciones. Es Pretty Love..!!<\/p>\n","protected":false},"excerpt":{"rendered":"<p>BI-210296 &nbsp; Anillo doble vibrador, con mariposa en su parte superior para estimular cl\u00edtoris. Por el aro mas grande se pasan los test\u00edculos y por el mas peque\u00f1o el pene, adquiriendo su m\u00e1xima erecci\u00f3n e intenso placer con sus vibraciones. Es Pretty Love..!!<\/p>\n","protected":false},"featured_media":11284,"template":"","meta":[],"product_brand":[],"product_cat":[6,31],"product_tag":[281,147,446,146],"class_list":{"0":"post-11283","1":"product","2":"type-product","3":"status-publish","4":"has-post-thumbnail","6":"product_cat-juguetes-accesorios-y-sexshop","7":"product_cat-anillos-vibradores","8":"product_tag-anillos-vibradores-2","9":"product_tag-rio-grande","10":"product_tag-sexshop-ushuaia-2","11":"product_tag-tierra-del-fuego","13":"first","14":"instock","15":"shipping-taxable","16":"product-type-simple"},"_links":{"self":[{"href":"https:\/\/sexysiempre.com\/web\/wp-json\/wp\/v2\/product\/11283","targetHints":{"allow":["GET"]}}],"collection":[{"href":"https:\/\/sexysiempre.com\/web\/wp-json\/wp\/v2\/product"}],"about":[{"href":"https:\/\/sexysiempre.com\/web\/wp-json\/wp\/v2\/types\/product"}],"wp:featuredmedia":[{"embeddable":true,"href":"https:\/\/sexysiempre.com\/web\/wp-json\/wp\/v2\/media\/11284"}],"wp:attachment":[{"href":"https:\/\/sexysiempre.com\/web\/wp-json\/wp\/v2\/media?parent=11283"}],"wp:term":[{"taxonomy":"product_brand","embeddable":true,"href":"https:\/\/sexysiempre.com\/web\/wp-json\/wp\/v2\/product_brand?post=11283"},{"taxonomy":"product_cat","embeddable":true,"href":"https:\/\/sexysiempre.com\/web\/wp-json\/wp\/v2\/product_cat?post=11283"},{"taxonomy":"product_tag","embeddable":true,"href":"https:\/\/sexysiempre.com\/web\/wp-json\/wp\/v2\/product_tag?post=11283"}],"curies":[{"name":"wp","href":"https:\/\/api.w.org\/{rel}","templated":true}]}}