{"id":11819,"date":"2025-06-11T16:43:14","date_gmt":"2025-06-11T19:43:14","guid":{"rendered":"https:\/\/sexysiempre.com\/web\/?post_type=product&#038;p=11819"},"modified":"2025-06-11T16:43:14","modified_gmt":"2025-06-11T19:43:14","slug":"huevito-inalambrico-con-control-darlene","status":"publish","type":"product","link":"https:\/\/sexysiempre.com\/web\/producto\/huevito-inalambrico-con-control-darlene","title":{"rendered":"Huevito inal\u00e1mbrico con control \u00abDarlene\u00bb"},"content":{"rendered":"<p style=\"text-align: center;\">PL-014403L<\/p>\n<p style=\"text-align: center;\">En silicona hipoalerg\u00e9nica en color p\u00farpura, huevito inal\u00e1mbrico con control a distancia, posee 12 vibraciones diferentes. Es Pretty Love, es calidad ..!!<\/p>\n","protected":false},"excerpt":{"rendered":"<p>PL-014403L En silicona hipoalerg\u00e9nica en color p\u00farpura, huevito inal\u00e1mbrico con control a distancia, posee 12 vibraciones diferentes. Es Pretty Love, es calidad ..!!<\/p>\n","protected":false},"featured_media":11820,"template":"","meta":[],"product_brand":[],"product_cat":[6,275],"product_tag":[579,147,446,146],"class_list":{"0":"post-11819","1":"product","2":"type-product","3":"status-publish","4":"has-post-thumbnail","6":"product_cat-juguetes-accesorios-y-sexshop","7":"product_cat-alta-gama-rotadores-y-otros","8":"product_tag-balas-vibradoras","9":"product_tag-rio-grande","10":"product_tag-sexshop-ushuaia-2","11":"product_tag-tierra-del-fuego","13":"first","14":"instock","15":"shipping-taxable","16":"product-type-simple"},"_links":{"self":[{"href":"https:\/\/sexysiempre.com\/web\/wp-json\/wp\/v2\/product\/11819","targetHints":{"allow":["GET"]}}],"collection":[{"href":"https:\/\/sexysiempre.com\/web\/wp-json\/wp\/v2\/product"}],"about":[{"href":"https:\/\/sexysiempre.com\/web\/wp-json\/wp\/v2\/types\/product"}],"wp:featuredmedia":[{"embeddable":true,"href":"https:\/\/sexysiempre.com\/web\/wp-json\/wp\/v2\/media\/11820"}],"wp:attachment":[{"href":"https:\/\/sexysiempre.com\/web\/wp-json\/wp\/v2\/media?parent=11819"}],"wp:term":[{"taxonomy":"product_brand","embeddable":true,"href":"https:\/\/sexysiempre.com\/web\/wp-json\/wp\/v2\/product_brand?post=11819"},{"taxonomy":"product_cat","embeddable":true,"href":"https:\/\/sexysiempre.com\/web\/wp-json\/wp\/v2\/product_cat?post=11819"},{"taxonomy":"product_tag","embeddable":true,"href":"https:\/\/sexysiempre.com\/web\/wp-json\/wp\/v2\/product_tag?post=11819"}],"curies":[{"name":"wp","href":"https:\/\/api.w.org\/{rel}","templated":true}]}}