{"id":3607,"date":"2013-11-01T23:30:30","date_gmt":"2013-11-02T02:30:30","guid":{"rendered":"http:\/\/sexysiempre.com\/web\/?p=3607"},"modified":"2020-09-30T13:15:15","modified_gmt":"2020-09-30T16:15:15","slug":"bolas-eroticas-de-silicona-cincuenta-sombras-de-grey","status":"publish","type":"product","link":"https:\/\/sexysiempre.com\/web\/producto\/bolas-eroticas-de-silicona-cincuenta-sombras-de-grey","title":{"rendered":"Bolas Er\u00f3ticas  de silicona: CINCUENTA SOMBRAS DE GREY"},"content":{"rendered":"<p style=\"text-align: justify\">Esferas de silicona suaves ligeramente pesadas con libre movimiento para expertamente contraer y apretar tus m\u00fasculos, aumentando el control y la intensidad de la estimulaci\u00f3n durante el juego previo. &nbsp;Se deben lubricar con geles a base de agua e insertar cada bola contorneada, una a la vez, disfrutando los beneficios de las Bolas de Silicona Er\u00f3ticas antes y durante su uso.<\/p>\n<p style=\"text-align: justify\"><strong>Caracter\u00edsticas principales:<\/strong><\/p>\n<p style=\"text-align: justify\">Silicona con cobertura s\u00faper suave y segura para la piel. Han sido pesadas para usuarios intermedios y principiantes. Contorneadas para f\u00e1cil inserci\u00f3n. Soga de extracci\u00f3n fuerte y segura. Equipadas con la bolsa de la marca <strong>FIFTY SHADES OF GREY.<\/strong><\/p>\n","protected":false},"excerpt":{"rendered":"<p>Esferas de silicona suaves ligeramente pesadas con libre movimiento para expertamente contraer y apretar tus m\u00fasculos, aumentando el control y la intensidad de la estimulaci\u00f3n durante el juego previo. &nbsp;Se deben lubricar con geles a base de agua e insertar cada bola contorneada, una a la vez, disfrutando los beneficios de las Bolas de Silicona [&hellip;]<\/p>\n","protected":false},"featured_media":3938,"template":"","meta":[],"product_brand":[],"product_cat":[6,32],"product_tag":[221,242,147,154,146,145],"class_list":{"0":"post-3607","1":"product","2":"type-product","3":"status-publish","4":"has-post-thumbnail","6":"product_cat-juguetes-accesorios-y-sexshop","7":"product_cat-estimuladores-para-ellas","8":"product_tag-bolas-chinas","9":"product_tag-cincuenta-sombras-de-grey","10":"product_tag-rio-grande","11":"product_tag-sexshop","12":"product_tag-tierra-del-fuego","13":"product_tag-ushuaia","15":"first","16":"instock","17":"shipping-taxable","18":"product-type-simple"},"_links":{"self":[{"href":"https:\/\/sexysiempre.com\/web\/wp-json\/wp\/v2\/product\/3607","targetHints":{"allow":["GET"]}}],"collection":[{"href":"https:\/\/sexysiempre.com\/web\/wp-json\/wp\/v2\/product"}],"about":[{"href":"https:\/\/sexysiempre.com\/web\/wp-json\/wp\/v2\/types\/product"}],"wp:featuredmedia":[{"embeddable":true,"href":"https:\/\/sexysiempre.com\/web\/wp-json\/wp\/v2\/media\/3938"}],"wp:attachment":[{"href":"https:\/\/sexysiempre.com\/web\/wp-json\/wp\/v2\/media?parent=3607"}],"wp:term":[{"taxonomy":"product_brand","embeddable":true,"href":"https:\/\/sexysiempre.com\/web\/wp-json\/wp\/v2\/product_brand?post=3607"},{"taxonomy":"product_cat","embeddable":true,"href":"https:\/\/sexysiempre.com\/web\/wp-json\/wp\/v2\/product_cat?post=3607"},{"taxonomy":"product_tag","embeddable":true,"href":"https:\/\/sexysiempre.com\/web\/wp-json\/wp\/v2\/product_tag?post=3607"}],"curies":[{"name":"wp","href":"https:\/\/api.w.org\/{rel}","templated":true}]}}