{"id":3771,"date":"2013-12-04T23:02:33","date_gmt":"2013-12-05T02:02:33","guid":{"rendered":"http:\/\/sexysiempre.com\/web\/?p=3771"},"modified":"2013-12-04T23:02:57","modified_gmt":"2013-12-05T02:02:57","slug":"los-olores-que-generan-mas-excitacion-sexual","status":"publish","type":"product","link":"https:\/\/sexysiempre.com\/web\/producto\/los-olores-que-generan-mas-excitacion-sexual","title":{"rendered":"Los olores que generan m\u00e1s excitaci\u00f3n sexual"},"content":{"rendered":"<p style=\"text-align: justify\"><strong>El encuentro \u00edntimo pone en juego todos nuestros sentidos y los aromas brindan un marco ideal para concretarlo. En una encuesta, 7 de cada 10 personas afirmaron que se sienten sexualmente atra\u00eddos por determinadas fragancias.<\/strong><\/p>\n<p style=\"text-align: justify\">A la hora de deslizarnos bajo las s\u00e1banas con nuestra pareja, ponemos en juego todos nuestros sentidos. Nos vestimos para seducir, nos besamos, nos decimos cosas lindas al o\u00eddo, nos tocamos y tambi\u00e9n nos olemos. Los aromas son fundamentales para la excitaci\u00f3n sexual masculina y femenina. Eso lo asegura Alan Hirsch, un neur\u00f3logo y psiquiatra estadounidense que descubri\u00f3 que existe una fuerte relaci\u00f3n entre el olor y la estimulaci\u00f3n sexual.<\/p>\n<p style=\"text-align: justify\">Hay que tener en cuenta que el olfato es el m\u00e1s veloz de nuestros sentidos: s\u00f3lo tardamos medio segundo en reconocer cu\u00e1l de los 10 mil aromas que nuestro cerebro tiene registrados se encuentra en nuestras narices. El especialista, adem\u00e1s, lleg\u00f3 a la conclusi\u00f3n de que el 25% de aquellas personas que sufrieron la p\u00e9rdida del sentido del olfato, tambi\u00e9n pierden una parte de su funci\u00f3n sexual.<\/p>\n<p style=\"text-align: justify\">Es que los perfumes del ambiente resultan sumamente estimulantes. Ahora que se pueden encontrar sahumerios en cada esquina o puesto de flores, podemos ver que, adem\u00e1s de la infinidad de variedades que prometen llevarnos por los rincones m\u00e1s profundos de nuestra conciencia, relajarnos o \u201climpiar\u201d la casa, hay una en la que se lee \u201cKamasutra\u201d. Y, m\u00e1s all\u00e1 de que sus resultados sean efectivos o no, devela que al generar el clima er\u00f3tico, el aroma nos resulta fundamental.<\/p>\n<p style=\"text-align: justify\">Otro estudio -realizado por la alemana Ingelore Ebberfeld para una tesis doctoral- se encarg\u00f3 de analizar cu\u00e1l es la influencia de los olores en nuestra vida sexual. De la encuesta participaron 432 (273 mujeres y 159 hombres) de entre 15 a 84 a\u00f1os de edad: siete de cada diez afirmaron que se sienten sexualmente atra\u00eddos por ciertas fragancias.<\/p>\n<p style=\"text-align: justify\">Casi la mitad de los participantes dijeron que el olor natural de sus parejas les resulta sexualmente estimulante. Adem\u00e1s, el 8% de los hombres y 5% de las mujeres confesaron que en ciertos momentos utilizaban la ropa interior de sus parejas a modo de \u201cayuda\u201d para excitarse.<\/p>\n<p style=\"text-align: justify\">Aunque lo m\u00e1s estimulante result\u00f3 ser el olor corporal libre de perfumes adicionales, la lista contin\u00faa con el olor corporal perfumado (con un 45% de menciones), el olor \u201c\u00edntimo\u201d (31%), el olor post-sexo (26%) y el olor de las axilas (23%).<\/p>\n<p style=\"text-align: justify\">Sobre gustos no hay nada escrito pero, seg\u00fan una encuesta realizada por Entremujeres que cont\u00f3 con m\u00e1s de 11 mil participantes, el mal aliento es el peor aliado de una relaci\u00f3n sexual placentera. El resultado fue abrumador: frente a la pregunta \u201ca la hora de la intimidad, \u00bfqu\u00e9 te aleja m\u00e1s de un hombre?\u201d, la halitosis obtuvo el 44,8% de los votos, m\u00e1s de 5.070.<\/p>\n<p style=\"text-align: justify\">Fuente: www.entremujeres.com<\/p>\n<p>&nbsp;<\/p>\n","protected":false},"excerpt":{"rendered":"<p>El encuentro \u00edntimo pone en juego todos nuestros sentidos y los aromas brindan un marco ideal para concretarlo. En una encuesta, 7 de cada 10 personas afirmaron que se sienten sexualmente atra\u00eddos por determinadas fragancias. A la hora de deslizarnos bajo las s\u00e1banas con nuestra pareja, ponemos en juego todos nuestros sentidos. Nos vestimos para [&hellip;]<\/p>\n","protected":false},"featured_media":3772,"template":"","meta":[],"product_brand":[],"product_cat":[],"product_tag":[155,147,154,146,145],"class_list":{"0":"post-3771","1":"product","2":"type-product","3":"status-publish","4":"has-post-thumbnail","6":"product_tag-juguetes-para-adultos","7":"product_tag-rio-grande","8":"product_tag-sexshop","9":"product_tag-tierra-del-fuego","10":"product_tag-ushuaia","12":"first","13":"instock","14":"shipping-taxable","15":"product-type-simple"},"_links":{"self":[{"href":"https:\/\/sexysiempre.com\/web\/wp-json\/wp\/v2\/product\/3771","targetHints":{"allow":["GET"]}}],"collection":[{"href":"https:\/\/sexysiempre.com\/web\/wp-json\/wp\/v2\/product"}],"about":[{"href":"https:\/\/sexysiempre.com\/web\/wp-json\/wp\/v2\/types\/product"}],"wp:featuredmedia":[{"embeddable":true,"href":"https:\/\/sexysiempre.com\/web\/wp-json\/wp\/v2\/media\/3772"}],"wp:attachment":[{"href":"https:\/\/sexysiempre.com\/web\/wp-json\/wp\/v2\/media?parent=3771"}],"wp:term":[{"taxonomy":"product_brand","embeddable":true,"href":"https:\/\/sexysiempre.com\/web\/wp-json\/wp\/v2\/product_brand?post=3771"},{"taxonomy":"product_cat","embeddable":true,"href":"https:\/\/sexysiempre.com\/web\/wp-json\/wp\/v2\/product_cat?post=3771"},{"taxonomy":"product_tag","embeddable":true,"href":"https:\/\/sexysiempre.com\/web\/wp-json\/wp\/v2\/product_tag?post=3771"}],"curies":[{"name":"wp","href":"https:\/\/api.w.org\/{rel}","templated":true}]}}