{"id":3839,"date":"2013-12-19T15:58:57","date_gmt":"2013-12-19T18:58:57","guid":{"rendered":"http:\/\/sexysiempre.com\/web\/?p=3839"},"modified":"2013-12-19T15:58:57","modified_gmt":"2013-12-19T18:58:57","slug":"mas-sexo-menos-peleas-el-secreto-de-las-felices-fiestas","status":"publish","type":"product","link":"https:\/\/sexysiempre.com\/web\/producto\/mas-sexo-menos-peleas-el-secreto-de-las-felices-fiestas","title":{"rendered":"M\u00e1s sexo, menos peleas: el secreto de las \u00abFelices Fiestas\u00bb"},"content":{"rendered":"<p><strong>La llegada de la Navidad y el A\u00f1o Nuevo puede ser una buena oportunidad para reencontrarse con la pareja, sobre todo cuando existen tensiones o cuando se est\u00e1 cerrando un a\u00f1o complicado para el v\u00ednculo. Aqu\u00ed, las claves para disfrutar y levantar la temperatura.\u00a0<\/strong><\/p>\n<p>&nbsp;<\/p>\n<p style=\"text-align: justify\">Por lo general, la previa a los festejos navide\u00f1os est\u00e1 acompa\u00f1ada de ansiedades y desacuerdos en relaci\u00f3n a los lugares de encuentro cuando hay diferentes opciones familiares. El mejor escenario es decidir qu\u00e9 hacer sin que nadie se sienta molesto u obligado; el peor: reflotar rivalidades familiares, o de pareja.<\/p>\n<p>Sabemos que los problemas no resueltos encuentran siempre resquicios para meterse y las fiestas pueden ser el momento para que estallen discusiones y reproches varios. Las demandas del entorno (madres, padres, suegros y amigos) se entrecruzan con los problemas internos y provocan m\u00e1s conflicto. Muchas personas se sienten tironeadas por ambos lados y no saben si cumplir con las exigencias externas o defender el v\u00ednculo de pareja.<\/p>\n<p>As\u00ed como el Fin de A\u00f1o sirve para hacer un balance de lo vivido, tambi\u00e9n deber\u00eda ser la oportunidad para decir \u201c\u00a1basta!\u201d a aquellas situaciones que provocan dolor y, a partir de esta nueva postura, aspirar a lo mejor en lo personal y vincular.<\/p>\n<p>M\u00e1s all\u00e1 de las crisis, aquellas parejas que a\u00fan se siguen eligiendo deber\u00edan aprovechar este momento festivo para reafirmar el amor y defenderlo ante cualquier situaci\u00f3n for\u00e1nea que pretenda entrometerse. Muchas crisis de pareja son innecesarias y no dependen de severos problemas del v\u00ednculo, solo demuestran la incapacidad para poner l\u00edmites a la influencia externa, como si todav\u00eda alguno de ellos o los dos tuviera que responder a su hogar de origen.<\/p>\n<p>Consejos: si hay algo que festejar y reafirmar es el compromiso de estar juntos. El calor de la noche y, por qu\u00e9 no, una copita de vino o champan sirven para iniciar el contacto cuerpo a cuerpo. La intimidad puede ser tambi\u00e9n la protagonista de estas noches concurridas, solo es cuesti\u00f3n de darle el lugar que se merece. Hacer insinuaciones con frases, caricias, \u00abtoqueteos\u00bb bajo la mesa, o un brindis provocador convocan al placer.<\/p>\n<p style=\"text-align: justify\">\n<p style=\"text-align: justify\"><strong>Tips para vivir una noche especial<\/strong><\/p>\n<p>* Aprovechar Las Fiestas para reencontrarse con la pareja.<\/p>\n<p>* Preparar regalos que sorprendan: tarjetas con frases sugerentes, lencer\u00eda er\u00f3tica o juguetes sexuales.<\/p>\n<p>* Regalarse una noche de hotel.<\/p>\n<p>* Usar disfraces alusivos a Las Fiestas (por ejemplo, el de Pap\u00e1 Noel) con un toque sensual y er\u00f3tico.<\/p>\n<p>* Susurrar fantas\u00edas al o\u00eddo, o tocar al otro en forma provocativa, escondidos a los ojos de los dem\u00e1s invitados.<\/p>\n<p>* Invitar a la pareja a tener un brindis en la intimidad.<\/p>\n<p style=\"text-align: justify\">\n<p><strong>Por el doctor Walter Ghedin, m\u00e9dico psiquiatra y sex\u00f3logo.<\/strong><\/p>\n<p style=\"text-align: justify\"><strong>\u00a0Fuente: www.entremujeres.com<\/strong><\/p>\n","protected":false},"excerpt":{"rendered":"<p>La llegada de la Navidad y el A\u00f1o Nuevo puede ser una buena oportunidad para reencontrarse con la pareja, sobre todo cuando existen tensiones o cuando se est\u00e1 cerrando un a\u00f1o complicado para el v\u00ednculo. Aqu\u00ed, las claves para disfrutar y levantar la temperatura.\u00a0 &nbsp; Por lo general, la previa a los festejos navide\u00f1os est\u00e1 [&hellip;]<\/p>\n","protected":false},"featured_media":3840,"template":"","meta":[],"product_brand":[],"product_cat":[],"product_tag":[155,147,154,146,145],"class_list":{"0":"post-3839","1":"product","2":"type-product","3":"status-publish","4":"has-post-thumbnail","6":"product_tag-juguetes-para-adultos","7":"product_tag-rio-grande","8":"product_tag-sexshop","9":"product_tag-tierra-del-fuego","10":"product_tag-ushuaia","12":"first","13":"instock","14":"shipping-taxable","15":"product-type-simple"},"_links":{"self":[{"href":"https:\/\/sexysiempre.com\/web\/wp-json\/wp\/v2\/product\/3839","targetHints":{"allow":["GET"]}}],"collection":[{"href":"https:\/\/sexysiempre.com\/web\/wp-json\/wp\/v2\/product"}],"about":[{"href":"https:\/\/sexysiempre.com\/web\/wp-json\/wp\/v2\/types\/product"}],"wp:featuredmedia":[{"embeddable":true,"href":"https:\/\/sexysiempre.com\/web\/wp-json\/wp\/v2\/media\/3840"}],"wp:attachment":[{"href":"https:\/\/sexysiempre.com\/web\/wp-json\/wp\/v2\/media?parent=3839"}],"wp:term":[{"taxonomy":"product_brand","embeddable":true,"href":"https:\/\/sexysiempre.com\/web\/wp-json\/wp\/v2\/product_brand?post=3839"},{"taxonomy":"product_cat","embeddable":true,"href":"https:\/\/sexysiempre.com\/web\/wp-json\/wp\/v2\/product_cat?post=3839"},{"taxonomy":"product_tag","embeddable":true,"href":"https:\/\/sexysiempre.com\/web\/wp-json\/wp\/v2\/product_tag?post=3839"}],"curies":[{"name":"wp","href":"https:\/\/api.w.org\/{rel}","templated":true}]}}