{"id":3847,"date":"2014-01-19T17:49:41","date_gmt":"2014-01-19T20:49:41","guid":{"rendered":"http:\/\/sexysiempre.com\/web\/?p=3847"},"modified":"2014-01-19T17:49:41","modified_gmt":"2014-01-19T20:49:41","slug":"clitoris-como-estimular-al-actor-principal-del-orgasmo","status":"publish","type":"product","link":"https:\/\/sexysiempre.com\/web\/producto\/clitoris-como-estimular-al-actor-principal-del-orgasmo","title":{"rendered":"Cl\u00edtoris: c\u00f3mo estimular al actor principal del orgasmo"},"content":{"rendered":"<p>Este \u00f3rgano es fundamental para conseguir excitaci\u00f3n sexual, una adecuada lubricaci\u00f3n y, finalmente, la satisfacci\u00f3n femenina. Aqu\u00ed, los consejos del doctor Juan Carlos Kusnetzoff para maximizar el placer.<\/p>\n<p style=\"text-align: justify\">\u00a0El cl\u00edtoris se encuentra donde se unen los labios vulvares, casi inmediatamente por debajo del pubis. Es un \u00f3rgano complejo: su mayor parte se encuentra hundida dentro de la zona anterior y lateral de la entrada vaginal, formando una especie de c\u00fapula o arco. Esa c\u00fapula es una estructura er\u00e9ctil, sus tejidos son como una esponja, capaces de llenarse de sangre.<\/p>\n<p>Por esa raz\u00f3n, tocar suavemente el cl\u00edtoris externo o rodear con los dedos la parte externa de la vagina y especialmente, su \u2018techo\u201d (la parte alta del arco), es fundamental para conseguir excitaci\u00f3n sexual, una adecuada lubricaci\u00f3n y, finalmente, la satisfacci\u00f3n femenina. Se penetre o no a la mujer, el placer siempre se origina en el cl\u00edtoris.<\/p>\n<p style=\"text-align: justify\"><strong>C\u00f3mo estimularlo<\/strong><\/p>\n<p>Algunas mujeres son m\u00e1s sensibles a la caricia exterior, otras al roce intenso, otras a la penetraci\u00f3n suave, otras al \u201cbombeo\u201d con golpes de ambos pubis en contacto. Tampoco faltan las que prefieren<br \/>\nla penetraci\u00f3n y el toque simult\u00e1neo con los dedos (propios o del compa\u00f1ero) en la zona clitorideana. Todas las variaciones rozan el cl\u00edtoris.<\/p>\n<p>Lo importante en el acto sexual, durante la penetraci\u00f3n (y antes de ella, por supuesto), es que se rocen y se toquen, como se prefiera, las diferentes partes del cl\u00edtoris. El cuerpo peneano y el golpeteo del pubis del hombre contra el pubis de la mujer pone en intenso contacto r\u00edtmico<br \/>\ntoda la entrada del conducto vaginal, los labios mayores y menores, la peque\u00f1a parte del cl\u00edtoris que asoma en la uni\u00f3n de ambos labios.<\/p>\n<p>En todos los casos se recomienda una amplia, sostenida y profunda caricia en la totalidad de la zona de los genitales. Cuanto m\u00e1s tiempo se emplee, cuanto m\u00e1s relajado est\u00e9 el cuerpo, cuanto menos<br \/>\nimportancia se le otorgue a que \u201csi me tocan o me penetran\u201d, \u201csi est\u00e1 prohibido o permitido\u201d, \u201csi lo hago bien o mal\u201d, mucho m\u00e1s placer y satisfacci\u00f3n obtendr\u00e1n ambas partes.<\/p>\n<p style=\"text-align: justify\"><strong>\u00bfCl\u00edtoris o vagina?<\/strong><\/p>\n<p>Toda una generaci\u00f3n de mujeres, influida por Sigmund Freud, crey\u00f3 que hab\u00eda dos clases de orgasmos femeninos. Los alcanzados por estimulaci\u00f3n del cl\u00edtoris, y los vaginales. Los primeros en<br \/>\ndudar del mito freudiano fueron los estadounidenses William Masters y Virginia Johnson. Descubrieron que no hay dos clases de orgasmos: con o sin penetraci\u00f3n, el \u00f3rgano que m\u00e1s reacciona al est\u00edmulo es siempre el cl\u00edtoris. En el orgasmo interviene un arco reflejo, que une la zona receptora sensible del cl\u00edtoris con la zona emisora motriz de los m\u00fasculos perivaginales.<\/p>\n<p>El est\u00edmulo del cl\u00edtoris es una necesidad para las mujeres que quieren alcanzar un orgasmo, aunque el \u00f3rgano esencial er\u00f3tico no es la vagina, ni el cl\u00edtoris, sino los centros cerebrales.<\/p>\n<p style=\"text-align: justify\">Fuente: www.entremujeres.com<\/p>\n","protected":false},"excerpt":{"rendered":"<p>Este \u00f3rgano es fundamental para conseguir excitaci\u00f3n sexual, una adecuada lubricaci\u00f3n y, finalmente, la satisfacci\u00f3n femenina. Aqu\u00ed, los consejos del doctor Juan Carlos Kusnetzoff para maximizar el placer. \u00a0El cl\u00edtoris se encuentra donde se unen los labios vulvares, casi inmediatamente por debajo del pubis. Es un \u00f3rgano complejo: su mayor parte se encuentra hundida dentro [&hellip;]<\/p>\n","protected":false},"featured_media":3848,"template":"","meta":[],"product_brand":[],"product_cat":[],"product_tag":[205,147,154,146,145],"class_list":{"0":"post-3847","1":"product","2":"type-product","3":"status-publish","4":"has-post-thumbnail","6":"product_tag-clitoris","7":"product_tag-rio-grande","8":"product_tag-sexshop","9":"product_tag-tierra-del-fuego","10":"product_tag-ushuaia","12":"first","13":"instock","14":"shipping-taxable","15":"product-type-simple"},"_links":{"self":[{"href":"https:\/\/sexysiempre.com\/web\/wp-json\/wp\/v2\/product\/3847","targetHints":{"allow":["GET"]}}],"collection":[{"href":"https:\/\/sexysiempre.com\/web\/wp-json\/wp\/v2\/product"}],"about":[{"href":"https:\/\/sexysiempre.com\/web\/wp-json\/wp\/v2\/types\/product"}],"wp:featuredmedia":[{"embeddable":true,"href":"https:\/\/sexysiempre.com\/web\/wp-json\/wp\/v2\/media\/3848"}],"wp:attachment":[{"href":"https:\/\/sexysiempre.com\/web\/wp-json\/wp\/v2\/media?parent=3847"}],"wp:term":[{"taxonomy":"product_brand","embeddable":true,"href":"https:\/\/sexysiempre.com\/web\/wp-json\/wp\/v2\/product_brand?post=3847"},{"taxonomy":"product_cat","embeddable":true,"href":"https:\/\/sexysiempre.com\/web\/wp-json\/wp\/v2\/product_cat?post=3847"},{"taxonomy":"product_tag","embeddable":true,"href":"https:\/\/sexysiempre.com\/web\/wp-json\/wp\/v2\/product_tag?post=3847"}],"curies":[{"name":"wp","href":"https:\/\/api.w.org\/{rel}","templated":true}]}}