{"id":3869,"date":"2014-02-18T18:58:03","date_gmt":"2014-02-18T21:58:03","guid":{"rendered":"http:\/\/sexysiempre.com\/web\/?p=3869"},"modified":"2014-02-18T18:58:12","modified_gmt":"2014-02-18T21:58:12","slug":"el-sexo-mejora-la-vida-por-que-no-lo-practicas","status":"publish","type":"product","link":"https:\/\/sexysiempre.com\/web\/producto\/el-sexo-mejora-la-vida-por-que-no-lo-practicas","title":{"rendered":"El sexo mejora la vida \u00bfpor qu\u00e9 no lo practicas?"},"content":{"rendered":"<p><strong>Consejos para reconducir la falta de actividad y poder disfrutar de un acto que es saludable, placentero y que une a la pareja.<\/strong><\/p>\n<p style=\"text-align: justify\">ESPA\u00d1A.- Tener sexo mejora la autoestima, cohesiona la pareja, aumenta los niveles de bienestar, mantiene el deseo, favorece el sue\u00f1o profundo y reparador, libera dopamina y endorfinas, regula el estr\u00e9s y tiene muchas m\u00e1s ventajas.<\/p>\n<p style=\"text-align: justify\">Entonces, \u00bfpor qu\u00e9 las parejas tienden a dejarse y disminuir su inter\u00e9s por la actividad sexual a medida que se afianza la pareja? Los motivos pueden ser de todo tipo, desde no tener tiempo a falta de ganas, y cada pareja tiene el suyo. Lo cierto es que la convivencia en muchas parejas reduce la frecuencia de la actividad sexual.<\/p>\n<div style=\"text-align: justify\">Hacer el amor es uno de los grandes placeres de la vida. Cuando te enamoras, el inter\u00e9s por el sexo va impl\u00edcito. Las parejas est\u00e1n deseando verse, besarse y tener un momento a solas para disfrutar de las caricias y de la intensidad con la que se manifiestan cada una de las emociones. Hacer el amor al principio de una relaci\u00f3n se acompa\u00f1a de todo un despliegue de plumas llenas de colorido: la higiene m\u00e1s exhaustiva, esos dientes brillantes, la colonia no falta a ninguna cita, la ropa interior sexy y cuidada. Incluso se propicia un ambiente sensual con una cena previa rom\u00e1ntica, m\u00fasica, charlar de forma tranquila y sobre temas que unen. Se habla de proyectos, de lo que ambos desean, se exaltan los atributos f\u00edsicos del otro, se elogia todo lo que llama la atenci\u00f3n y toda la energ\u00eda est\u00e1 puesta en complacer y agradar a la persona.<\/div>\n<div style=\"text-align: justify\"><\/div>\n<div style=\"text-align: justify\">Las hormonas tambi\u00e9n hacen de las suyas y potencian el deseo y frenes\u00ed entre la pareja. As\u00ed que entre la ayuda de la biolog\u00eda, el tiempo que os dedic\u00e1is, el cuidado del entorno y de la comunicaci\u00f3n, y el envoltorio con el que os present\u00e1is, facilit\u00e1is mucho las ganas de hacer el amor.<\/div>\n<div style=\"text-align: justify\"><\/div>\n<div style=\"text-align: justify\">La mayor\u00eda de las parejas, al inicio de la relaci\u00f3n, adem\u00e1s, dicen disfrutar mucho de las relaciones. Vamos, que son placenteras para ambos. Entonces, \u00bfpor qu\u00e9 llega el d\u00eda en el que echas m\u00e1s horas en el sof\u00e1 que en deshacer la cama? Las parejas discuten por ver qui\u00e9n hace la cama por la ma\u00f1ana cuando esa energ\u00eda deber\u00eda dirigirse a deshacerla por la noche.<\/div>\n<div style=\"text-align: justify\"><\/div>\n<div style=\"text-align: justify\">Varios consejos para reconducir la falta de actividad y poder disfrutar de un acto que es saludable, placentero y que une a la pareja.<\/div>\n<div style=\"text-align: justify\"><\/div>\n<div style=\"text-align: justify\"><b>Primero.<\/b>\u00a0Identifica el motivo de la falta de sexo. No es un punto para reprochar nada a nadie. Se trata de hablar tranquilamente en un ambiente que lo propicie. No hables de este tema ni hagas la pregunta deprisa y corriendo mientras hac\u00e9is la compra, ni cuando teng\u00e1is que contestar al tel\u00e9fono. Hacedlo en un momento en el que os pod\u00e1is dedicar atenci\u00f3n plena. La pregunta para los dos es \u00bfpor qu\u00e9 crees que hacemos menos el amor? Poned por escrito todos los motivos que se ocurran, sin echar nada en cara, pero siendo sinceros y sin hacer juicios de valor. Si alguno de los dos pone que no disfruta, no interpret\u00e9is que el otro no sabe c\u00f3mo hacer disfrutar a la pareja. No saqu\u00e9is conclusiones que os puedan minar la confianza ni haceros sentir mal. Se trata solo de buscar las causas para luego poner soluciones. Algunos ejemplos ser\u00edan: porque no le dedic\u00e1is tiempo, porque os dorm\u00eds viendo la tele en lugar de iros antes a la cama, porque no os acarici\u00e1is cuando veis la tele y se os pasa estar pendientes de estos detalles el uno del otro, porque est\u00e1s muy cansados entre semana, porque uno de los dos ha dejado de disfrutar como lo hac\u00eda antes y se aburre o porque no le atrae hacerlo siempre en el mismo sitio y de la misma manera.<\/div>\n<div style=\"text-align: justify\"><\/div>\n<div style=\"text-align: justify\"><b>Segundo.\u00a0<\/b>Busca soluciones. Una vez teng\u00e1is identificados los motivos, se trata de darle soluciones. A la falta de tiempo, se le puede buscar un momento en la semana en el que est\u00e9is a solas. Y no teng\u00e1is miedo de planificar. Olvida la idea de que planificar es poco rom\u00e1ntico. Lo que es poco rom\u00e1ntico es carecer de sexo. Propone entre los dos todo lo que se ocurra para mejorar. Apagar la tele, cenar sin tel\u00e9fonos y con un ambiente m\u00e1s rom\u00e1ntico, tener una sesi\u00f3n de masajes en lugar de ver la televisi\u00f3n, comprar material er\u00f3tico que d\u00e9 vidilla a vuestra relaci\u00f3n, ver pel\u00edculas rom\u00e1nticas, o er\u00f3ticas (las porno suelen gustar menos a las mujeres) que los pongan a tono, lo que sea con tal de tener m\u00e1s sexo y de mejor calidad.<\/div>\n<div style=\"text-align: justify\"><\/div>\n<div style=\"text-align: justify\">Hablar de las fantas\u00edas sexuales puede ser muy excitante si la pareja tiene complicidad. Si no te atreves a verbalizar lo que deseas, cabe la alternativa de escribirlo. Las notas, los mensajes o un correo puede dar pistas a tu pareja de cu\u00e1les son las experiencias que te gustar\u00eda vivir. No escribas nada que sepas que tu pareja va a rechazar, como puede ser alguna actividad que cruce su escala de valores o que sepas que de antemano, por tu experiencia, ya rechaza.<\/div>\n<div style=\"text-align: justify\"><\/div>\n<div style=\"text-align: justify\"><b>Tercero.<\/b>\u00a0Cumple con lo pactado en el punto anterior. Manos a la masa. Prob\u00e1 a ver, y si despu\u00e9s de la experiencia decid\u00eds que se est\u00e1 mejor en el sof\u00e1 que teniendo sexo, pues nada, segu\u00eds en el sof\u00e1. Pero para meterte en una din\u00e1mica nueva necesitas romper la pereza y los h\u00e1bitos anteriores.<\/div>\n<div style=\"text-align: justify\"><\/div>\n<div style=\"text-align: justify\"><b>Cuarto.\u00a0<\/b>Cuida el momento \u00a1es importante! La m\u00fasica, el ambiente, la media luz, estar reci\u00e9n duchados, dedicarse tiempo, complacer al otro, no estar centrados en llegar al orgasmo ni en ser atletas ol\u00edmpicos del sexo. Se trata de pasar un buen rato, dejarse y hacerse querer, acariciar, besar, tocar y una cosa lleva a la otra.<\/div>\n<div style=\"text-align: justify\"><\/div>\n<div style=\"text-align: justify\">Y quita el sonido al m\u00f3vil, una llamada inesperada le ha bajado la erecci\u00f3n a m\u00e1s de uno y la concentraci\u00f3n en el placer a otras.<\/div>\n<div style=\"text-align: justify\"><\/div>\n<div style=\"text-align: justify\">Recuerda, el buen sexo satisface y une. No ningunees una de las mayores fuentes de placer.<\/div>\n<p>Fuente: www.nuevodiarioweb.com.ar<\/p>\n","protected":false},"excerpt":{"rendered":"<p>Consejos para reconducir la falta de actividad y poder disfrutar de un acto que es saludable, placentero y que une a la pareja. ESPA\u00d1A.- Tener sexo mejora la autoestima, cohesiona la pareja, aumenta los niveles de bienestar, mantiene el deseo, favorece el sue\u00f1o profundo y reparador, libera dopamina y endorfinas, regula el estr\u00e9s y tiene [&hellip;]<\/p>\n","protected":false},"featured_media":3870,"template":"","meta":[],"product_brand":[],"product_cat":[],"product_tag":[147,171,154,146,145],"class_list":{"0":"post-3869","1":"product","2":"type-product","3":"status-publish","4":"has-post-thumbnail","6":"product_tag-rio-grande","7":"product_tag-sexo","8":"product_tag-sexshop","9":"product_tag-tierra-del-fuego","10":"product_tag-ushuaia","12":"first","13":"instock","14":"shipping-taxable","15":"product-type-simple"},"_links":{"self":[{"href":"https:\/\/sexysiempre.com\/web\/wp-json\/wp\/v2\/product\/3869","targetHints":{"allow":["GET"]}}],"collection":[{"href":"https:\/\/sexysiempre.com\/web\/wp-json\/wp\/v2\/product"}],"about":[{"href":"https:\/\/sexysiempre.com\/web\/wp-json\/wp\/v2\/types\/product"}],"wp:featuredmedia":[{"embeddable":true,"href":"https:\/\/sexysiempre.com\/web\/wp-json\/wp\/v2\/media\/3870"}],"wp:attachment":[{"href":"https:\/\/sexysiempre.com\/web\/wp-json\/wp\/v2\/media?parent=3869"}],"wp:term":[{"taxonomy":"product_brand","embeddable":true,"href":"https:\/\/sexysiempre.com\/web\/wp-json\/wp\/v2\/product_brand?post=3869"},{"taxonomy":"product_cat","embeddable":true,"href":"https:\/\/sexysiempre.com\/web\/wp-json\/wp\/v2\/product_cat?post=3869"},{"taxonomy":"product_tag","embeddable":true,"href":"https:\/\/sexysiempre.com\/web\/wp-json\/wp\/v2\/product_tag?post=3869"}],"curies":[{"name":"wp","href":"https:\/\/api.w.org\/{rel}","templated":true}]}}