{"id":3963,"date":"2014-03-29T01:18:16","date_gmt":"2014-03-29T04:18:16","guid":{"rendered":"http:\/\/sexysiempre.com\/web\/?p=3963"},"modified":"2014-03-29T01:18:16","modified_gmt":"2014-03-29T04:18:16","slug":"10-cosas-que-todo-hombre-quiere-en-la-cama","status":"publish","type":"product","link":"https:\/\/sexysiempre.com\/web\/producto\/10-cosas-que-todo-hombre-quiere-en-la-cama","title":{"rendered":"10 cosas que todo hombre quiere en la cama."},"content":{"rendered":"<p style=\"text-align: justify\"><strong>\u00bfQu\u00e9 es eso que lo enloquece? \u00bfC\u00f3mo hacer que goce a\u00fan m\u00e1s? Ideas y sugerencias para disfrutar mejor de hacer el amor con tu pareja. Tom\u00e1 nota y animate a seducirlo las 24 horas del d\u00eda.\u00a0<\/strong><\/p>\n<p style=\"text-align: justify\">Sab\u00e9s qu\u00e9 es lo que los hombres realmente quieren encontrar en una mujer a la hora de tener sexo? Diez consejos para que lo vuelvas loco y no se despegue de tu lado. Preparados, listos&#8230; \u00a1A disfrutar!<\/p>\n<p style=\"text-align: justify\"><strong>1. Ahora me toca a m\u00ed.\u00a0<\/strong>A los hombres les gustan las chicas que buscan\u00a0<a href=\"http:\/\/www.entremujeres.com\/pareja-y-sexo\/sexo\/sexo-pareja-deseo-hombre-mujer-falta_de_sexo-columnista_0_559144178.html\" target=\"_blank\">iniciar el acto sexual<\/a>. Pero\u2026\u00a1cuidado! Muchas veces tambi\u00e9n quieren ser ellos los que mandan. Tom\u00e1 la iniciativa, pero tambi\u00e9n dejalo a \u00e9l.<\/p>\n<p style=\"text-align: justify\"><strong>2. Entusiasmate.<\/strong>\u00a0Los chicos quieren a alguien con quien hacer el amor, no que les haga el favor. No hay nada m\u00e1s seductor que una amante entusiasmada. Lo que m\u00e1s les gusta es que les demuestres que\u00a0<a href=\"http:\/\/www.entremujeres.com\/pareja-y-sexo\/sexo\/sexo-oral-secreto-felicidad-femenina_0_836316437.html\" target=\"_blank\">dese\u00e1s hacerlo<\/a>\u00a0con \u00e9l.<\/p>\n<p style=\"text-align: justify\"><strong>3. Animate a probar nuevos trucos.\u00a0<\/strong>Experimentar cosas nuevas de vez en cuando es algo muy estimulante para el sexo masculino. El deseo sexual es como el apetito: todos queremos\u00a0<a href=\"http:\/\/www.entremujeres.com\/pareja-y-sexo\/sexo\/sexo-juegos-eroticos-sexuales-disfraces-Body_painting-zonas_erogenas-alessandra_rampolla-sexologa_0_958704168.html\" target=\"_blank\">probar diferentes sabores<\/a>, porque sino resulta aburrido. Los hombres quieren a alguien que est\u00e9 dispuesta a buscar sensaciones diferentes y \u00fanicas cada vez.<\/p>\n<p style=\"text-align: justify\"><strong>4. Piropealo.\u00a0<\/strong>Por lo general, se piensa que son las mujeres las que necesitan escuchar cumplidos y elogios sobre su apariencia y estilo. Pero, aunque no lo creas, a los chicos tambi\u00e9n les gusta. Todos los hombres quieren saber que tienen ese algo especial que erotiza a una mujer. Puede ser algo f\u00edsico, alg\u00fan movimiento que \u00e9l realice, su humor o su inteligencia. Decile cu\u00e1l es\u00a0<a href=\"http:\/\/www.entremujeres.com\/pareja-y-sexo\/Explota-toda-sensualidad_0_281971824.html\" target=\"_blank\">esa cualidad<\/a>que encontr\u00e1s sumamente sexy y su autoestima se va a elevar.<\/p>\n<p style=\"text-align: justify\"><strong>5. Dej\u00e1 las luces prendidas.<\/strong>\u00a0Tenete confianza, y demostr\u00e1selo. A los hombres les encanta mirarte desnuda y conocer cada parte de tu cuerpo. \u00a1Basta de taparte con las s\u00e1banas o hacerlo a oscuras! La luz del velador, la tele prendida (sin sonido, obviamente) o la claridad que entra por la cortina son peque\u00f1os trucos para generar una escena como las de las pel\u00edculas. Ellos son muy visuales y se erotizan al\u00a0<a href=\"http:\/\/www.entremujeres.com\/pareja-y-sexo\/sexo\/fantasias-sexuales-sexo-role_playing-disfraz-roles-juegos-seduccion-pareja-mascaras_0_799120186.html\" target=\"_blank\">observar a su compa\u00f1era<\/a>. La confianza es uno de los atributos m\u00e1s sensuales de las mujeres. Aquellas que se animen a la autoestimulaci\u00f3n delante de sus hombres recibir\u00e1n un bonus extra de su parte. \u00a1Es s\u00f3lo una cuesti\u00f3n de actitud!<\/p>\n<p style=\"text-align: justify\"><strong>6. Solt\u00e1\u00a0<\/strong><strong>a volar<\/strong><strong>\u00a0tu imaginaci\u00f3n.\u00a0<\/strong>No hay nada m\u00e1s sexy que cumplir tu<a href=\"http:\/\/entremujeres.clarin.com\/pareja-y-sexo\/:%20http:\/www.entremujeres.com\/pareja-y-sexo\/sexo\/sexo-fantasias_sexuales-fantasias_eroticas-homosexuales-prostitucion-masturbarse-voyeuristas-exhibicionistas_0_899910048.html\" target=\"_blank\">fantas\u00eda<\/a>\u00a0con la persona que am\u00e1s. Muchos hombres tienen miedo a confesar sus sue\u00f1os, por temor a ser rechazados. Contale tus fantas\u00edas y preguntale las suyas. Y despu\u00e9s esforzate por cumplirlas: no tienen que ser exactamente iguales, pero pod\u00e9s negociar la forma para que ambos disfruten. Hay que crearlas juntos.<\/p>\n<p style=\"text-align: justify\"><strong>7. Hablale sucio.\u00a0<\/strong>Ellos aman\u00a0<a href=\"http:\/\/www.entremujeres.com\/pareja-y-sexo\/sexo\/sexo-palabras-cama-hablar-que_decir-insultos-elogios-gritos-palabras_0_820118058.html\" target=\"_blank\">escuchar lo que te sucede<\/a>\u00a0durante el sexo: hablarle sucio es una forma divertida de excitarlo. Desinhibite y decile lo que quiere escuchar. \u00a1Cuidado! Esto no significa que hables sin parar y le cuentes lo que hiciste en el d\u00eda. Pero hay palabras que, dichas en el momento preciso, lo har\u00e1n arder de pasi\u00f3n. Estudialas y animate a dar un paso m\u00e1s.<\/p>\n<p style=\"text-align: justify\"><strong>8. Lookeate para la ocasi\u00f3n.<\/strong>\u00a0\u00bfPara qu\u00e9 gastar dinero en lencer\u00eda si en dos minutos va a estar tirada en el piso? Para galardonarlos. Los chicos quieren todo aquello que ven y les gusta:\u00a0<a href=\"http:\/\/www.entremujeres.com\/belleza\/labios-boca-sensualidad-encanto-erotismo-primero-que-miran-sexy-seduccion_0_939506081.html\" target=\"_blank\">observar bien envuelto<\/a>\u00a0el regalo que est\u00e1n a punto de desenvolver es muy excitante para ellos. Desnudarte de a poco aumenta su ego y los hace sentir m\u00e1s complacidos, es como un adelanto de lo que pronto tendr\u00e1n en sus manos.<\/p>\n<p style=\"text-align: justify\"><strong>9. S\u00ed a las sorpresas.<\/strong>\u00a0\u00bfSos de aquellas chicas que tienen que tener todo listo para hacer el amor? \u00bfO te anim\u00e1s a parar en la banquina de la ruta y ver qu\u00e9 pasa? La\u00a0<a href=\"http:\/\/www.entremujeres.com\/pareja-y-sexo\/sexo\/sexo-50-cincuenta-sombras-grey-libro-dogging-voyeurismo-exhibicionismo-voyeurs_0_844115639.html\" target=\"_blank\">espontaneidad<\/a>\u00a0es uno de los combustibles ideales para su libido. A ellos tambi\u00e9n les gusta lo desconocido, sentir la adrenalina de poder ser descubiertos teniendo sexo, o s\u00f3lo probar cosas nuevas. El factor sorpresa hace que suba la dopamina en su cerebro y viva un excelente momento.<\/p>\n<p style=\"text-align: justify\"><strong>10. Movete, chiquita, movete.<\/strong>\u00a0Cada pareja tiene una posici\u00f3n, una determinada manera o una forma de hacerlo que es \u00fanica de esos dos amantes. Busc\u00e1\u00a0<a href=\"http:\/\/www.entremujeres.com\/pareja-y-sexo\/sexo\/posiciones-sexuales-dr-kusnetzoff_0_715128564.html\" target=\"_blank\">ese movimiento<\/a>\u00a0y demostrale que es el due\u00f1o de ese estilo y que te sent\u00eds complacida de hacerlo con \u00e9l. Querr\u00e1 saber que es tu hombre ideal y tener un trato especial lo excitar\u00e1 a\u00fan m\u00e1s.<\/p>\n<p>\u00a0Fuente: www.entremujeres.com<\/p>\n","protected":false},"excerpt":{"rendered":"<p>\u00bfQu\u00e9 es eso que lo enloquece? \u00bfC\u00f3mo hacer que goce a\u00fan m\u00e1s? Ideas y sugerencias para disfrutar mejor de hacer el amor con tu pareja. Tom\u00e1 nota y animate a seducirlo las 24 horas del d\u00eda.\u00a0 Sab\u00e9s qu\u00e9 es lo que los hombres realmente quieren encontrar en una mujer a la hora de tener sexo? [&hellip;]<\/p>\n","protected":false},"featured_media":3964,"template":"","meta":[],"product_brand":[],"product_cat":[],"product_tag":[147,154,146,145],"class_list":{"0":"post-3963","1":"product","2":"type-product","3":"status-publish","4":"has-post-thumbnail","6":"product_tag-rio-grande","7":"product_tag-sexshop","8":"product_tag-tierra-del-fuego","9":"product_tag-ushuaia","11":"first","12":"instock","13":"shipping-taxable","14":"product-type-simple"},"_links":{"self":[{"href":"https:\/\/sexysiempre.com\/web\/wp-json\/wp\/v2\/product\/3963","targetHints":{"allow":["GET"]}}],"collection":[{"href":"https:\/\/sexysiempre.com\/web\/wp-json\/wp\/v2\/product"}],"about":[{"href":"https:\/\/sexysiempre.com\/web\/wp-json\/wp\/v2\/types\/product"}],"wp:featuredmedia":[{"embeddable":true,"href":"https:\/\/sexysiempre.com\/web\/wp-json\/wp\/v2\/media\/3964"}],"wp:attachment":[{"href":"https:\/\/sexysiempre.com\/web\/wp-json\/wp\/v2\/media?parent=3963"}],"wp:term":[{"taxonomy":"product_brand","embeddable":true,"href":"https:\/\/sexysiempre.com\/web\/wp-json\/wp\/v2\/product_brand?post=3963"},{"taxonomy":"product_cat","embeddable":true,"href":"https:\/\/sexysiempre.com\/web\/wp-json\/wp\/v2\/product_cat?post=3963"},{"taxonomy":"product_tag","embeddable":true,"href":"https:\/\/sexysiempre.com\/web\/wp-json\/wp\/v2\/product_tag?post=3963"}],"curies":[{"name":"wp","href":"https:\/\/api.w.org\/{rel}","templated":true}]}}