{"id":3992,"date":"2014-06-10T22:37:27","date_gmt":"2014-06-11T01:37:27","guid":{"rendered":"http:\/\/sexysiempre.com\/web\/?p=3992"},"modified":"2014-06-10T22:37:27","modified_gmt":"2014-06-11T01:37:27","slug":"posturas-sexuales-especiales-para-nosotras","status":"publish","type":"product","link":"https:\/\/sexysiempre.com\/web\/producto\/posturas-sexuales-especiales-para-nosotras","title":{"rendered":"\u00a1POSTURAS SEXUALES ESPECIALES PARA NOSOTRAS!"},"content":{"rendered":"<p style=\"text-align: justify\"><b>Aunque bastante populares, las posiciones que elegimos son las que mayor placer pueden provocar en la mujer. \u00bfEl secreto? Permiten una penetraci\u00f3n profunda, estimulan el cl\u00edtoris, la vagina y el punto G.<\/b><\/p>\n<p style=\"font-weight: 300;text-align: justify\">Todos tenemos nuestras preferencias en materia de sexo, algunas posturas sexuales nos gustan m\u00e1s, solemos usarlas m\u00e1s a menudo, y otras no nos entusiasman tanto. Pero cuando de placer femenino se trata, hay tres posiciones que son ideales para alcanzar el gran Oooh, \u00a1y pasarla estupendamente bien!<\/p>\n<p style=\"font-weight: 300;text-align: justify\">Seguramente les sorprenda saber que las posiciones que elegimos no solo est\u00e1n en el ranking de las m\u00e1s populares sino que adem\u00e1s son las que mayor placer pueden provocar en la mujer. \u00bfEl secreto? Permiten una penetraci\u00f3n profunda y estimulan el cl\u00edtoris, la vagina y el punto G. \u00bfQu\u00e9 m\u00e1s podemos les podemos pedir?<\/p>\n<p style=\"text-align: justify\">\u00a0<b>Las mujeres, \u00a1arriba!<\/b><\/p>\n<p style=\"text-align: justify\">Cuando la mujer se encuentra encima del hombre puede controlar el ritmo y el \u00e1ngulo de penetraci\u00f3n (estimulando as\u00ed su punto G), y tanto \u00e9l como ella tienen acceso libre y f\u00e1cil al cl\u00edtoris para estimularlo con las manos. Adem\u00e1s, para mayor placer, tambi\u00e9n se pueden incorporar algunas variantes s\u00faper hot: la mujer se puede reclinar un poco hacia atr\u00e1s, mientras su pareja le acaricia el cl\u00edtoris, o tambi\u00e9n pueden practicarla con el hombre sentado, ya sea en la cama, una silla o un sof\u00e1, y la mujer sentada sobre \u00e9l como si estuviera\u00a0 montando \u201ca caballito\u201d. \u00a0Esta postura, al encontrarse cara a cara, tambi\u00e9n permite que la pareja pueda acariciarse y besarse, \u00a1y es un gran estimulo visual especialmente para \u00e9l!<\/p>\n<p style=\"text-align: justify\">\n<p style=\"text-align: justify\"><b>El misionero\u2026 con un twist<\/b><\/p>\n<p style=\"text-align: justify\">A la postura del misionero, en la que el hombre se recuesta sobre la mujer le sumamos un complemento estimulante: las piernas de la mujer se apoyan sobre los hombros de su pareja. Es una variante de un cl\u00e1sico, \u00a1que suma mucho placer! La penetraci\u00f3n se vuelve m\u00e1s profunda y, cuanto m\u00e1s eleves las piernas, \u00a1m\u00e1s profunda ser\u00e1! Ver\u00e1s c\u00f3mo cambia ese misionero tan tradicional que ya conoces\u2026 Adem\u00e1s, si eres flexible, la elasticidad de tu cuerpo te har\u00e1 sentir s\u00faper sexy y te dar\u00e1 mayor confianza en ti misma. \u00a1Ni hablar de c\u00f3mo disfrutar\u00e1 tu pareja viendo c\u00f3mo contorneas tu cuerpo y c\u00f3mo rodeas su cuello con tus piernas!<\/p>\n<p style=\"text-align: justify\"><b>\u00a0<\/b><\/p>\n<p style=\"text-align: justify\"><b>El perrito<\/b><\/p>\n<p style=\"text-align: justify\">Para muchas mujeres esta postura resulta en una estimulaci\u00f3n directa del punto G. M\u00e1s a\u00fan si la mujer var\u00eda la posici\u00f3n levantando su torso de manera que su espalda quede alineada con el pecho del var\u00f3n. Esta posici\u00f3n tambi\u00e9n es un gran est\u00edmulo visual para el hombre, ya que podr\u00e1n ver las curvas de la espalda, la cintura y la cadera de ella. Adem\u00e1s, ambos tendr\u00e1n f\u00e1cil acceso al cl\u00edtoris. Aunque a veces para practicarla hay quienes prefieren tener cierto grado de confianza con su pareja porque al no haber contacto cara a cara se puede generar una sensaci\u00f3n de falta de intimidad. Un consejo, \u00a1d\u00e9jense llevar y disfruten!<\/p>\n<p><b>\u00a0<\/b><\/p>\n<p style=\"font-weight: 300\"><b>Y t\u00fa, \u00bfya las pusiste en pr\u00e1ctica? \u00bfCu\u00e1les son las posturas de las que m\u00e1s disfrutas? \u00a1Cu\u00e9ntanos!<\/b><\/p>\n<p style=\"font-weight: 300\">Fuente: www.universoalessandra.com<\/p>\n<p style=\"font-weight: 300\"><b>\u00a0<\/b><\/p>\n","protected":false},"excerpt":{"rendered":"<p>Aunque bastante populares, las posiciones que elegimos son las que mayor placer pueden provocar en la mujer. \u00bfEl secreto? Permiten una penetraci\u00f3n profunda, estimulan el cl\u00edtoris, la vagina y el punto G. Todos tenemos nuestras preferencias en materia de sexo, algunas posturas sexuales nos gustan m\u00e1s, solemos usarlas m\u00e1s a menudo, y otras no nos [&hellip;]<\/p>\n","protected":false},"featured_media":3993,"template":"","meta":[],"product_brand":[],"product_cat":[],"product_tag":[181,128,147,154,146,145],"class_list":{"0":"post-3992","1":"product","2":"type-product","3":"status-publish","4":"has-post-thumbnail","6":"product_tag-orgasmos","7":"product_tag-punto-g","8":"product_tag-rio-grande","9":"product_tag-sexshop","10":"product_tag-tierra-del-fuego","11":"product_tag-ushuaia","13":"first","14":"instock","15":"shipping-taxable","16":"product-type-simple"},"_links":{"self":[{"href":"https:\/\/sexysiempre.com\/web\/wp-json\/wp\/v2\/product\/3992","targetHints":{"allow":["GET"]}}],"collection":[{"href":"https:\/\/sexysiempre.com\/web\/wp-json\/wp\/v2\/product"}],"about":[{"href":"https:\/\/sexysiempre.com\/web\/wp-json\/wp\/v2\/types\/product"}],"wp:featuredmedia":[{"embeddable":true,"href":"https:\/\/sexysiempre.com\/web\/wp-json\/wp\/v2\/media\/3993"}],"wp:attachment":[{"href":"https:\/\/sexysiempre.com\/web\/wp-json\/wp\/v2\/media?parent=3992"}],"wp:term":[{"taxonomy":"product_brand","embeddable":true,"href":"https:\/\/sexysiempre.com\/web\/wp-json\/wp\/v2\/product_brand?post=3992"},{"taxonomy":"product_cat","embeddable":true,"href":"https:\/\/sexysiempre.com\/web\/wp-json\/wp\/v2\/product_cat?post=3992"},{"taxonomy":"product_tag","embeddable":true,"href":"https:\/\/sexysiempre.com\/web\/wp-json\/wp\/v2\/product_tag?post=3992"}],"curies":[{"name":"wp","href":"https:\/\/api.w.org\/{rel}","templated":true}]}}