{"id":4735,"date":"2014-10-17T21:24:36","date_gmt":"2014-10-18T00:24:36","guid":{"rendered":"http:\/\/sexysiempre.com\/web\/?p=4735"},"modified":"2023-10-11T16:50:43","modified_gmt":"2023-10-11T19:50:43","slug":"traje-fantasia-mucamita","status":"publish","type":"product","link":"https:\/\/sexysiempre.com\/web\/producto\/traje-fantasia-mucamita","title":{"rendered":"Traje Fantas\u00eda Mucamita"},"content":{"rendered":"<p><strong>Mucamita 4B<\/strong><\/p>\n<p style=\"text-align: justify;\">Contiene Corpi\u00f1o negro con detalles en puntilla blanca, cuello de camisa blanca con mo\u00f1o color negro, guantes largos negros; Cofia negra con detalle de terminaci\u00f3n en puntilla blanca; pollera negra con cierre de mo\u00f1o posterior y delantal blanco con puntillas. Talle \u00fanico regulable.<\/p>\n<p>&nbsp;<\/p>\n","protected":false},"excerpt":{"rendered":"<p>Mucamita 4B Contiene Corpi\u00f1o negro con detalles en puntilla blanca, cuello de camisa blanca con mo\u00f1o color negro, guantes largos negros; Cofia negra con detalle de terminaci\u00f3n en puntilla blanca; pollera negra con cierre de mo\u00f1o posterior y delantal blanco con puntillas. Talle \u00fanico regulable. &nbsp;<\/p>\n","protected":false},"featured_media":4736,"template":"","meta":[],"product_brand":[],"product_cat":[5,75],"product_tag":[168,158,157,147,150,146],"class_list":{"0":"post-4735","1":"product","2":"type-product","3":"status-publish","4":"has-post-thumbnail","6":"product_cat-lenceria-erotica","7":"product_cat-fantasias","8":"product_tag-disfraces","9":"product_tag-erotico","10":"product_tag-fantasias-2","11":"product_tag-rio-grande","12":"product_tag-sexshop-ushuaia","13":"product_tag-tierra-del-fuego","15":"first","16":"instock","17":"shipping-taxable","18":"product-type-simple"},"_links":{"self":[{"href":"https:\/\/sexysiempre.com\/web\/wp-json\/wp\/v2\/product\/4735","targetHints":{"allow":["GET"]}}],"collection":[{"href":"https:\/\/sexysiempre.com\/web\/wp-json\/wp\/v2\/product"}],"about":[{"href":"https:\/\/sexysiempre.com\/web\/wp-json\/wp\/v2\/types\/product"}],"wp:featuredmedia":[{"embeddable":true,"href":"https:\/\/sexysiempre.com\/web\/wp-json\/wp\/v2\/media\/4736"}],"wp:attachment":[{"href":"https:\/\/sexysiempre.com\/web\/wp-json\/wp\/v2\/media?parent=4735"}],"wp:term":[{"taxonomy":"product_brand","embeddable":true,"href":"https:\/\/sexysiempre.com\/web\/wp-json\/wp\/v2\/product_brand?post=4735"},{"taxonomy":"product_cat","embeddable":true,"href":"https:\/\/sexysiempre.com\/web\/wp-json\/wp\/v2\/product_cat?post=4735"},{"taxonomy":"product_tag","embeddable":true,"href":"https:\/\/sexysiempre.com\/web\/wp-json\/wp\/v2\/product_tag?post=4735"}],"curies":[{"name":"wp","href":"https:\/\/api.w.org\/{rel}","templated":true}]}}