{"id":5188,"date":"2015-08-31T23:25:03","date_gmt":"2015-09-01T02:25:03","guid":{"rendered":"http:\/\/sexysiempre.com\/web\/?p=5188"},"modified":"2015-08-31T23:25:03","modified_gmt":"2015-09-01T02:25:03","slug":"convocatorias-uy-festival-2015-miedo-sexo-y-tabu","status":"publish","type":"product","link":"https:\/\/sexysiempre.com\/web\/producto\/convocatorias-uy-festival-2015-miedo-sexo-y-tabu","title":{"rendered":"CONVOCATORIAS \u00abUY FESTIVAL 2015\u00bb : MIEDO, SEXO Y TAB\u00da"},"content":{"rendered":"<p><strong><u><em>UY Festival 2015!<\/em><\/u><\/strong><\/p>\n<p>Dedicamos la quinta versi\u00f3n <em>a <strong>la Sexualidad<\/strong><\/em> y los miedos que convergen alrededor, violencia, discriminaci\u00f3n y exclusi\u00f3n sexual, entre otros. Tres d\u00edas de reflexiones acompa\u00f1adas de entrevistas, di\u00e1logos, humor y arte. Sensibilidad y an\u00e1lisis en torno a los miedos que nos acompa\u00f1an.<\/p>\n<div class=\"text_layer\"><\/div>\n<div class=\"image_layer\"><\/div>\n<p>&nbsp;<\/p>\n<div class=\"ff0\"><span class=\"a\">\u00a0<\/span><\/div>\n<div class=\"ff11\" style=\"text-align: justify;\"><span class=\"a\">C<\/span><span class=\"a\">onvocatorias\u00a0<\/span><span class=\"a\">Uy\u00a0<\/span><span class=\"a\">Festival\u00a0<\/span><span class=\"a\">2015<\/span><span class=\"a\">\u00a0\u00a0<\/span><span class=\"a\">M<\/span><span class=\"a\">iedo, sexo y tab\u00fa<\/span><\/div>\n<div class=\"ff2\" style=\"text-align: justify;\"><span class=\"a\">\u00a0<\/span><span class=\"a\">28, 29 y 30 de octubre<\/span><\/div>\n<div class=\"ff2\" style=\"text-align: justify;\"><span class=\"a\">Apertura: 13 de agosto<\/span><span class=\"a\">Cierre: 1 de octubre<\/span><\/div>\n<div class=\"ff7\" style=\"text-align: justify;\"><span class=\"a\">Uy\u00a0<\/span><span class=\"a\">festival<\/span><\/div>\n<div class=\"ff10\" style=\"text-align: justify;\"><span class=\"a\">El UY Festival nace de la necesidad de abrir espacios de\u00a0<\/span><span class=\"a\">an\u00e1lisis\u00a0<\/span><span class=\"a\">sobre el miedo en\u00a0<\/span><span class=\"a\">sus distintas dimensiones. De la urgencia de dar a conocer de forma atenta y\u00a0<\/span><span class=\"a\">anal\u00edtica cada uno de los temores que nos componen como humanos, como\u00a0<\/span><span class=\"a\">personas, como sociedad. Es un festival que pretende incitar una reflexi\u00f3n\u00a0c<\/span><span class=\"a\">olectiva, abierta y plural sobre el miedo desde su relaci\u00f3n con el arte.\u00a0<\/span><span class=\"a\">Hemos\u00a0<\/span><span class=\"a\">abierto el espacio para diversos temas que van desde pensar al miedo mismo en\u00a0<\/span><span class=\"a\">sus formas y razones, pasando por la violencia y su relaci\u00f3n con los miedos\u00a0<\/span><span class=\"a\">\u00edntimos, hasta los miedos colectivos de la sociedad. A lo largo del festival, han sido\u00a0<\/span><span class=\"a\">protagonistas de este encuen<\/span><span class=\"a\">tro el miedo de las v\u00edctimas, a la impunidad, y en\u00a0<\/span><span class=\"a\">nuestra \u00faltima versi\u00f3n fueron las mujeres quienes dieron vida a una nueva versi\u00f3n del encuentro en el 2014.<\/span><\/div>\n<div class=\"ff10\">\n<div class=\"ff10\" style=\"text-align: justify;\"><span class=\"a\">El UY Festival 2015 dedica su quinta\u00a0<\/span><span class=\"a\">versi\u00f3n\u00a0<\/span><span class=\"a\">a la sexualidad y los miedos que\u00a0<\/span><span class=\"a\">conve<\/span><span class=\"a\">rgen all\u00ed, discriminaci\u00f3n, exclusi\u00f3n y violencia sexual entre otras.<\/span><\/div>\n<div class=\"ff10\" style=\"text-align: justify;\"><span class=\"a\">Buscamos\u00a0<\/span><span class=\"a\">analizar y reflexionar sobre la violencia como generadora de miedo, como\u00a0<\/span><span class=\"a\">estrategia de control y sumisi\u00f3n hacia las diferentes formas de poder.<\/span><\/div>\n<div class=\"ff10\" style=\"text-align: justify;\">Para mayor informaci\u00f3n\u00a0http:\/\/uyfestivalbogota.blogspot.com.ar\/2015\/08\/convocatorias-uy-festival-2015-miedo.html<\/div>\n<div class=\"ff10\" style=\"text-align: justify;\">Fuente: UYFESTIVALBOGOTA.BLOGSPOT.COM<\/div>\n<div class=\"ff10\" style=\"text-align: justify;\">Siempre atentos!!<\/div>\n<\/div>\n","protected":false},"excerpt":{"rendered":"<p>UY Festival 2015! Dedicamos la quinta versi\u00f3n a la Sexualidad y los miedos que convergen alrededor, violencia, discriminaci\u00f3n y exclusi\u00f3n sexual, entre otros. Tres d\u00edas de reflexiones acompa\u00f1adas de entrevistas, di\u00e1logos, humor y arte. Sensibilidad y an\u00e1lisis en torno a los miedos que nos acompa\u00f1an. &nbsp; \u00a0 Convocatorias\u00a0Uy\u00a0Festival\u00a02015\u00a0\u00a0Miedo, sexo y tab\u00fa \u00a028, 29 y 30 [&hellip;]<\/p>\n","protected":false},"featured_media":5189,"template":"","meta":[],"product_brand":[],"product_cat":[],"product_tag":[147,171,150,310,146],"class_list":{"0":"post-5188","1":"product","2":"type-product","3":"status-publish","4":"has-post-thumbnail","6":"product_tag-rio-grande","7":"product_tag-sexo","8":"product_tag-sexshop-ushuaia","9":"product_tag-tabu","10":"product_tag-tierra-del-fuego","12":"first","13":"instock","14":"shipping-taxable","15":"product-type-simple"},"_links":{"self":[{"href":"https:\/\/sexysiempre.com\/web\/wp-json\/wp\/v2\/product\/5188","targetHints":{"allow":["GET"]}}],"collection":[{"href":"https:\/\/sexysiempre.com\/web\/wp-json\/wp\/v2\/product"}],"about":[{"href":"https:\/\/sexysiempre.com\/web\/wp-json\/wp\/v2\/types\/product"}],"wp:featuredmedia":[{"embeddable":true,"href":"https:\/\/sexysiempre.com\/web\/wp-json\/wp\/v2\/media\/5189"}],"wp:attachment":[{"href":"https:\/\/sexysiempre.com\/web\/wp-json\/wp\/v2\/media?parent=5188"}],"wp:term":[{"taxonomy":"product_brand","embeddable":true,"href":"https:\/\/sexysiempre.com\/web\/wp-json\/wp\/v2\/product_brand?post=5188"},{"taxonomy":"product_cat","embeddable":true,"href":"https:\/\/sexysiempre.com\/web\/wp-json\/wp\/v2\/product_cat?post=5188"},{"taxonomy":"product_tag","embeddable":true,"href":"https:\/\/sexysiempre.com\/web\/wp-json\/wp\/v2\/product_tag?post=5188"}],"curies":[{"name":"wp","href":"https:\/\/api.w.org\/{rel}","templated":true}]}}