{"id":7127,"date":"2019-11-19T18:07:13","date_gmt":"2019-11-19T21:07:13","guid":{"rendered":"http:\/\/sexysiempre.com\/web\/?p=7127"},"modified":"2019-11-19T18:07:13","modified_gmt":"2019-11-19T21:07:13","slug":"escorpion","status":"publish","type":"product","link":"https:\/\/sexysiempre.com\/web\/producto\/escorpion","title":{"rendered":"Escorpi\u00f3n"},"content":{"rendered":"<p>El Escorpi\u00f3n es un juguete vibrador b\u00e1sicamente femenino, por un lado una mariposa que estimula cl\u00edtoris y por el otro lado, la cola del escorpi\u00f3n para dilatar. Para una o dos personas a la vez&#8230;<\/p>\n","protected":false},"excerpt":{"rendered":"<p>El Escorpi\u00f3n es un juguete vibrador b\u00e1sicamente femenino, por un lado una mariposa que estimula cl\u00edtoris y por el otro lado, la cola del escorpi\u00f3n para dilatar. Para una o dos personas a la vez&#8230;<\/p>\n","protected":false},"featured_media":7128,"template":"","meta":[],"product_brand":[],"product_cat":[6,32],"product_tag":[155,147,410,146],"class_list":{"0":"post-7127","1":"product","2":"type-product","3":"status-publish","4":"has-post-thumbnail","6":"product_cat-juguetes-accesorios-y-sexshop","7":"product_cat-estimuladores-para-ellas","8":"product_tag-juguetes-para-adultos","9":"product_tag-rio-grande","10":"product_tag-sexxshop-ushuaia","11":"product_tag-tierra-del-fuego","13":"first","14":"instock","15":"shipping-taxable","16":"product-type-simple"},"_links":{"self":[{"href":"https:\/\/sexysiempre.com\/web\/wp-json\/wp\/v2\/product\/7127","targetHints":{"allow":["GET"]}}],"collection":[{"href":"https:\/\/sexysiempre.com\/web\/wp-json\/wp\/v2\/product"}],"about":[{"href":"https:\/\/sexysiempre.com\/web\/wp-json\/wp\/v2\/types\/product"}],"wp:featuredmedia":[{"embeddable":true,"href":"https:\/\/sexysiempre.com\/web\/wp-json\/wp\/v2\/media\/7128"}],"wp:attachment":[{"href":"https:\/\/sexysiempre.com\/web\/wp-json\/wp\/v2\/media?parent=7127"}],"wp:term":[{"taxonomy":"product_brand","embeddable":true,"href":"https:\/\/sexysiempre.com\/web\/wp-json\/wp\/v2\/product_brand?post=7127"},{"taxonomy":"product_cat","embeddable":true,"href":"https:\/\/sexysiempre.com\/web\/wp-json\/wp\/v2\/product_cat?post=7127"},{"taxonomy":"product_tag","embeddable":true,"href":"https:\/\/sexysiempre.com\/web\/wp-json\/wp\/v2\/product_tag?post=7127"}],"curies":[{"name":"wp","href":"https:\/\/api.w.org\/{rel}","templated":true}]}}