{"id":7214,"date":"2020-03-07T20:36:42","date_gmt":"2020-03-07T23:36:42","guid":{"rendered":"http:\/\/sexysiempre.com\/web\/?p=7214"},"modified":"2020-03-07T20:36:42","modified_gmt":"2020-03-07T23:36:42","slug":"packer-gear-5","status":"publish","type":"product","link":"https:\/\/sexysiempre.com\/web\/producto\/packer-gear-5","title":{"rendered":"Packer Gear 5"},"content":{"rendered":"<p>SE &#8211; 1580 05 3<\/p>\n<p style=\"text-align: justify;\">Producto importado, esculpido para encajar de forma segura en todo momento, suave y c\u00f2modo, libre de mantenimiento, material con sensaci\u00f2n real\u00ecstica\u00a0de textura inigualable , seguro para tu cuerpo, sin olor, libre de Ftalato.<\/p>\n<p><img fetchpriority=\"high\" decoding=\"async\" class=\"aligncenter size-medium wp-image-7216\" src=\"http:\/\/sexysiempre.com\/web\/wp-content\/uploads\/89388779_496428614571868_8279293866771742720_n-300x300.jpg\" alt=\"\" width=\"300\" height=\"300\" srcset=\"https:\/\/sexysiempre.com\/web\/wp-content\/uploads\/89388779_496428614571868_8279293866771742720_n-300x300.jpg 300w, https:\/\/sexysiempre.com\/web\/wp-content\/uploads\/89388779_496428614571868_8279293866771742720_n-100x100.jpg 100w, https:\/\/sexysiempre.com\/web\/wp-content\/uploads\/89388779_496428614571868_8279293866771742720_n-150x150.jpg 150w\" sizes=\"(max-width: 300px) 100vw, 300px\" \/><img decoding=\"async\" class=\"aligncenter size-medium wp-image-7217\" src=\"http:\/\/sexysiempre.com\/web\/wp-content\/uploads\/89544188_570544863535017_1182293957015502848_n-300x300.jpg\" alt=\"\" width=\"300\" height=\"300\" srcset=\"https:\/\/sexysiempre.com\/web\/wp-content\/uploads\/89544188_570544863535017_1182293957015502848_n-300x300.jpg 300w, https:\/\/sexysiempre.com\/web\/wp-content\/uploads\/89544188_570544863535017_1182293957015502848_n-100x100.jpg 100w, https:\/\/sexysiempre.com\/web\/wp-content\/uploads\/89544188_570544863535017_1182293957015502848_n-150x150.jpg 150w\" sizes=\"(max-width: 300px) 100vw, 300px\" \/><\/p>\n<p>Medida aproximada 3 cm por 12,75 cm.<\/p>\n","protected":false},"excerpt":{"rendered":"<p>SE &#8211; 1580 05 3 Producto importado, esculpido para encajar de forma segura en todo momento, suave y c\u00f2modo, libre de mantenimiento, material con sensaci\u00f2n real\u00ecstica\u00a0de textura inigualable , seguro para tu cuerpo, sin olor, libre de Ftalato. Medida aproximada 3 cm por 12,75 cm.<\/p>\n","protected":false},"featured_media":7215,"template":"","meta":[],"product_brand":[],"product_cat":[6,37],"product_tag":[418,147,150,146],"class_list":{"0":"post-7214","1":"product","2":"type-product","3":"status-publish","4":"has-post-thumbnail","6":"product_cat-juguetes-accesorios-y-sexshop","7":"product_cat-protesis-extensiones-y-erectores","8":"product_tag-packer","9":"product_tag-rio-grande","10":"product_tag-sexshop-ushuaia","11":"product_tag-tierra-del-fuego","13":"first","14":"instock","15":"shipping-taxable","16":"product-type-simple"},"_links":{"self":[{"href":"https:\/\/sexysiempre.com\/web\/wp-json\/wp\/v2\/product\/7214","targetHints":{"allow":["GET"]}}],"collection":[{"href":"https:\/\/sexysiempre.com\/web\/wp-json\/wp\/v2\/product"}],"about":[{"href":"https:\/\/sexysiempre.com\/web\/wp-json\/wp\/v2\/types\/product"}],"wp:featuredmedia":[{"embeddable":true,"href":"https:\/\/sexysiempre.com\/web\/wp-json\/wp\/v2\/media\/7215"}],"wp:attachment":[{"href":"https:\/\/sexysiempre.com\/web\/wp-json\/wp\/v2\/media?parent=7214"}],"wp:term":[{"taxonomy":"product_brand","embeddable":true,"href":"https:\/\/sexysiempre.com\/web\/wp-json\/wp\/v2\/product_brand?post=7214"},{"taxonomy":"product_cat","embeddable":true,"href":"https:\/\/sexysiempre.com\/web\/wp-json\/wp\/v2\/product_cat?post=7214"},{"taxonomy":"product_tag","embeddable":true,"href":"https:\/\/sexysiempre.com\/web\/wp-json\/wp\/v2\/product_tag?post=7214"}],"curies":[{"name":"wp","href":"https:\/\/api.w.org\/{rel}","templated":true}]}}