{"id":8145,"date":"2021-01-23T23:40:44","date_gmt":"2021-01-24T02:40:44","guid":{"rendered":"http:\/\/sexysiempre.com\/web\/?post_type=product&#038;p=8145"},"modified":"2026-02-26T14:50:47","modified_gmt":"2026-02-26T17:50:47","slug":"vibro-clitirific","status":"publish","type":"product","link":"https:\/\/sexysiempre.com\/web\/producto\/vibro-clitirific","title":{"rendered":"Vibro \u00abCliterific\u00bb"},"content":{"rendered":"<p style=\"text-align: center;\">1703-3<\/p>\n<p style=\"text-align: center;\">Vibro de intensidad regulable, conduce a profundos placeres sumando sus suaves escamas que estimulan cl\u00ectoris en penetraci\u00f2n; en silicona hipoalerg\u00e8nica. Medias aproximadas 18 po 4 cm.<\/p>\n","protected":false},"excerpt":{"rendered":"<p>1703-3 Vibro de intensidad regulable, conduce a profundos placeres sumando sus suaves escamas que estimulan cl\u00ectoris en penetraci\u00f2n; en silicona hipoalerg\u00e8nica. Medias aproximadas 18 po 4 cm.<\/p>\n","protected":false},"featured_media":8146,"template":"","meta":[],"product_brand":[],"product_cat":[6,18],"product_tag":[147,446,146,89],"class_list":{"0":"post-8145","1":"product","2":"type-product","3":"status-publish","4":"has-post-thumbnail","6":"product_cat-juguetes-accesorios-y-sexshop","7":"product_cat-vibradores-jelly-ventosas-y-macizos","8":"product_tag-rio-grande","9":"product_tag-sexshop-ushuaia-2","10":"product_tag-tierra-del-fuego","11":"product_tag-vibradores-2","13":"first","14":"instock","15":"shipping-taxable","16":"product-type-simple"},"_links":{"self":[{"href":"https:\/\/sexysiempre.com\/web\/wp-json\/wp\/v2\/product\/8145","targetHints":{"allow":["GET"]}}],"collection":[{"href":"https:\/\/sexysiempre.com\/web\/wp-json\/wp\/v2\/product"}],"about":[{"href":"https:\/\/sexysiempre.com\/web\/wp-json\/wp\/v2\/types\/product"}],"wp:featuredmedia":[{"embeddable":true,"href":"https:\/\/sexysiempre.com\/web\/wp-json\/wp\/v2\/media\/8146"}],"wp:attachment":[{"href":"https:\/\/sexysiempre.com\/web\/wp-json\/wp\/v2\/media?parent=8145"}],"wp:term":[{"taxonomy":"product_brand","embeddable":true,"href":"https:\/\/sexysiempre.com\/web\/wp-json\/wp\/v2\/product_brand?post=8145"},{"taxonomy":"product_cat","embeddable":true,"href":"https:\/\/sexysiempre.com\/web\/wp-json\/wp\/v2\/product_cat?post=8145"},{"taxonomy":"product_tag","embeddable":true,"href":"https:\/\/sexysiempre.com\/web\/wp-json\/wp\/v2\/product_tag?post=8145"}],"curies":[{"name":"wp","href":"https:\/\/api.w.org\/{rel}","templated":true}]}}