{"id":8828,"date":"2021-07-29T16:58:12","date_gmt":"2021-07-29T19:58:12","guid":{"rendered":"https:\/\/sexysiempre.com\/web\/?post_type=product&#038;p=8828"},"modified":"2026-02-27T16:30:54","modified_gmt":"2026-02-27T19:30:54","slug":"generala-con-dados-eroticos","status":"publish","type":"product","link":"https:\/\/sexysiempre.com\/web\/producto\/generala-con-dados-eroticos","title":{"rendered":"Generala con Dados er\u00f2ticos"},"content":{"rendered":"<p>Divertida Generala de dados er\u00f3ticos. Trae 5 dados con posiciones er\u00f3ticas del kamasutra para que te diviertas toda la noche! Ideal para regalar o disfrutar junto a tu pareja.<\/p>\n","protected":false},"excerpt":{"rendered":"<p>Divertida Generala de dados er\u00f3ticos. Trae 5 dados con posiciones er\u00f3ticas del kamasutra para que te diviertas toda la noche! Ideal para regalar o disfrutar junto a tu pareja.<\/p>\n","protected":false},"featured_media":8829,"template":"","meta":[],"product_brand":[],"product_cat":[6,277],"product_tag":[393,469,147,446,146],"class_list":{"0":"post-8828","1":"product","2":"type-product","3":"status-publish","4":"has-post-thumbnail","6":"product_cat-juguetes-accesorios-y-sexshop","7":"product_cat-vigorizantes-feromonas-juegos-y-cotillon","8":"product_tag-dados","9":"product_tag-kamasutra","10":"product_tag-rio-grande","11":"product_tag-sexshop-ushuaia-2","12":"product_tag-tierra-del-fuego","14":"first","15":"outofstock","16":"shipping-taxable","17":"product-type-simple"},"_links":{"self":[{"href":"https:\/\/sexysiempre.com\/web\/wp-json\/wp\/v2\/product\/8828","targetHints":{"allow":["GET"]}}],"collection":[{"href":"https:\/\/sexysiempre.com\/web\/wp-json\/wp\/v2\/product"}],"about":[{"href":"https:\/\/sexysiempre.com\/web\/wp-json\/wp\/v2\/types\/product"}],"wp:featuredmedia":[{"embeddable":true,"href":"https:\/\/sexysiempre.com\/web\/wp-json\/wp\/v2\/media\/8829"}],"wp:attachment":[{"href":"https:\/\/sexysiempre.com\/web\/wp-json\/wp\/v2\/media?parent=8828"}],"wp:term":[{"taxonomy":"product_brand","embeddable":true,"href":"https:\/\/sexysiempre.com\/web\/wp-json\/wp\/v2\/product_brand?post=8828"},{"taxonomy":"product_cat","embeddable":true,"href":"https:\/\/sexysiempre.com\/web\/wp-json\/wp\/v2\/product_cat?post=8828"},{"taxonomy":"product_tag","embeddable":true,"href":"https:\/\/sexysiempre.com\/web\/wp-json\/wp\/v2\/product_tag?post=8828"}],"curies":[{"name":"wp","href":"https:\/\/api.w.org\/{rel}","templated":true}]}}