{"id":9657,"date":"2022-06-02T20:01:34","date_gmt":"2022-06-02T23:01:34","guid":{"rendered":"https:\/\/sexysiempre.com\/web\/?post_type=product&#038;p=9657"},"modified":"2022-06-02T20:01:34","modified_gmt":"2022-06-02T23:01:34","slug":"aceite-oleo-orgasmico-estimulante-xxx-for-her","status":"publish","type":"product","link":"https:\/\/sexysiempre.com\/web\/producto\/aceite-oleo-orgasmico-estimulante-xxx-for-her","title":{"rendered":"Aceite Oleo Org\u00e0smico Estimulante XXX For Her"},"content":{"rendered":"<div style=\"text-align: center;\"><b>XXX FOR HER<\/b><\/div>\n<div style=\"text-align: center;\">\u00d3leo org\u00e1smico estimulante<\/div>\n<div style=\"text-align: center;\">\u00danico en el mercado con aceites 100% naturales, formulado con Cinnamon, Ginger y Rosmary.<\/div>\n<div style=\"text-align: center;\"><\/div>\n<div style=\"text-align: center;\">Crea una sensaci\u00f3n \u00fanica de vibraci\u00f3n y placer en el cl\u00edtoris.<\/div>\n<div style=\"text-align: center;\">Esta f\u00f3rmula a base de aceites esenciales y RoseMary sorprendentemente poderosa crea una sensaci\u00f3n de vibraci\u00f3n \u00fanica que despierta las terminaciones nerviosas en el cl\u00edtoris.<\/div>\n<div style=\"text-align: center;\"><\/div>\n<div style=\"text-align: center;\">Comienza como un suave hormigueo, seguido de un calor que se convierte en un resplandor envolvente. Esta sensaci\u00f3n se extiende m\u00e1s all\u00e1 del cl\u00edtoris e incluso se puede sentir en los labios y en la entrada vaginal.<\/div>\n<div style=\"text-align: center;\"><\/div>\n<div style=\"text-align: center;\">Luego viene una fuerte sensaci\u00f3n de hormigueo acompa\u00f1ada con una sensaci\u00f3n de apretamiento creando una experiencia sexual completamente nueva e intensa&#8230;<\/div>\n<div style=\"text-align: center;\"><\/div>\n<div style=\"text-align: center;\">Este Estimulante de Cl\u00edtoris, como la mayor\u00eda de nuestros productos podes utilizarlos sola o en pareja, con solo una gota alcanzar\u00e1 todo su efecto, es por ello que te rendir\u00e1 para muchas veladas de amor\u2026<\/div>\n<div style=\"text-align: center;\"><\/div>\n<div style=\"text-align: center;\">Lleva la satisfacci\u00f3n\u00a0del placer al limite.<\/div>\n<div style=\"text-align: center;\"><\/div>\n<div style=\"text-align: center;\">Est\u00e1 hecho de ingredientes 100% naturales y aceites esenciales. Contiene 15 ml.<img fetchpriority=\"high\" decoding=\"async\" class=\"aligncenter size-medium wp-image-9659\" src=\"https:\/\/sexysiempre.com\/web\/wp-content\/uploads\/xxx01-aceite-leo-orgsmico-estimulante-for-her-15ml-9cdc1d59ba80492fb7086f84326a9a5b-650x650.jpg\" alt=\"\" width=\"300\" height=\"300\" srcset=\"https:\/\/sexysiempre.com\/web\/wp-content\/uploads\/xxx01-aceite-leo-orgsmico-estimulante-for-her-15ml-9cdc1d59ba80492fb7086f84326a9a5b-650x650.jpg 650w, https:\/\/sexysiempre.com\/web\/wp-content\/uploads\/xxx01-aceite-leo-orgsmico-estimulante-for-her-15ml-9cdc1d59ba80492fb7086f84326a9a5b-150x150.jpg 150w, https:\/\/sexysiempre.com\/web\/wp-content\/uploads\/xxx01-aceite-leo-orgsmico-estimulante-for-her-15ml-9cdc1d59ba80492fb7086f84326a9a5b-768x768.jpg 768w, https:\/\/sexysiempre.com\/web\/wp-content\/uploads\/xxx01-aceite-leo-orgsmico-estimulante-for-her-15ml-9cdc1d59ba80492fb7086f84326a9a5b-120x120.jpg 120w, https:\/\/sexysiempre.com\/web\/wp-content\/uploads\/xxx01-aceite-leo-orgsmico-estimulante-for-her-15ml-9cdc1d59ba80492fb7086f84326a9a5b-300x300.jpg 300w, https:\/\/sexysiempre.com\/web\/wp-content\/uploads\/xxx01-aceite-leo-orgsmico-estimulante-for-her-15ml-9cdc1d59ba80492fb7086f84326a9a5b-600x600.jpg 600w, https:\/\/sexysiempre.com\/web\/wp-content\/uploads\/xxx01-aceite-leo-orgsmico-estimulante-for-her-15ml-9cdc1d59ba80492fb7086f84326a9a5b-100x100.jpg 100w, https:\/\/sexysiempre.com\/web\/wp-content\/uploads\/xxx01-aceite-leo-orgsmico-estimulante-for-her-15ml-9cdc1d59ba80492fb7086f84326a9a5b.jpg 800w\" sizes=\"(max-width: 300px) 100vw, 300px\" \/><img decoding=\"async\" class=\"aligncenter size-medium wp-image-9660\" src=\"https:\/\/sexysiempre.com\/web\/wp-content\/uploads\/xxx01-aceite-leo-orgsmico-estimulante-for-her-15ml-8fb2c60997c04eaf9cb3be107d77aa44-650x650.jpg\" alt=\"\" width=\"300\" height=\"300\" srcset=\"https:\/\/sexysiempre.com\/web\/wp-content\/uploads\/xxx01-aceite-leo-orgsmico-estimulante-for-her-15ml-8fb2c60997c04eaf9cb3be107d77aa44-650x650.jpg 650w, https:\/\/sexysiempre.com\/web\/wp-content\/uploads\/xxx01-aceite-leo-orgsmico-estimulante-for-her-15ml-8fb2c60997c04eaf9cb3be107d77aa44-150x150.jpg 150w, https:\/\/sexysiempre.com\/web\/wp-content\/uploads\/xxx01-aceite-leo-orgsmico-estimulante-for-her-15ml-8fb2c60997c04eaf9cb3be107d77aa44-768x768.jpg 768w, https:\/\/sexysiempre.com\/web\/wp-content\/uploads\/xxx01-aceite-leo-orgsmico-estimulante-for-her-15ml-8fb2c60997c04eaf9cb3be107d77aa44-120x120.jpg 120w, https:\/\/sexysiempre.com\/web\/wp-content\/uploads\/xxx01-aceite-leo-orgsmico-estimulante-for-her-15ml-8fb2c60997c04eaf9cb3be107d77aa44-300x300.jpg 300w, https:\/\/sexysiempre.com\/web\/wp-content\/uploads\/xxx01-aceite-leo-orgsmico-estimulante-for-her-15ml-8fb2c60997c04eaf9cb3be107d77aa44-600x600.jpg 600w, https:\/\/sexysiempre.com\/web\/wp-content\/uploads\/xxx01-aceite-leo-orgsmico-estimulante-for-her-15ml-8fb2c60997c04eaf9cb3be107d77aa44-100x100.jpg 100w, https:\/\/sexysiempre.com\/web\/wp-content\/uploads\/xxx01-aceite-leo-orgsmico-estimulante-for-her-15ml-8fb2c60997c04eaf9cb3be107d77aa44.jpg 800w\" sizes=\"(max-width: 300px) 100vw, 300px\" \/><\/div>\n<div style=\"text-align: center;\"><\/div>\n<div style=\"text-align: center;\"><b>Es seguro y agradable de usar durante el sexo oral.<\/b><\/div>\n","protected":false},"excerpt":{"rendered":"<p>XXX FOR HER \u00d3leo org\u00e1smico estimulante \u00danico en el mercado con aceites 100% naturales, formulado con Cinnamon, Ginger y Rosmary. Crea una sensaci\u00f3n \u00fanica de vibraci\u00f3n y placer en el cl\u00edtoris. Esta f\u00f3rmula a base de aceites esenciales y RoseMary sorprendentemente poderosa crea una sensaci\u00f3n de vibraci\u00f3n \u00fanica que despierta las terminaciones nerviosas en el [&hellip;]<\/p>\n","protected":false},"featured_media":9658,"template":"","meta":[],"product_brand":[],"product_cat":[6,20],"product_tag":[507,147,446,146],"class_list":{"0":"post-9657","1":"product","2":"type-product","3":"status-publish","4":"has-post-thumbnail","6":"product_cat-juguetes-accesorios-y-sexshop","7":"product_cat-aceites-geles-y-lubricantes","8":"product_tag-aceites-orgasmicos","9":"product_tag-rio-grande","10":"product_tag-sexshop-ushuaia-2","11":"product_tag-tierra-del-fuego","13":"first","14":"instock","15":"shipping-taxable","16":"product-type-simple"},"_links":{"self":[{"href":"https:\/\/sexysiempre.com\/web\/wp-json\/wp\/v2\/product\/9657","targetHints":{"allow":["GET"]}}],"collection":[{"href":"https:\/\/sexysiempre.com\/web\/wp-json\/wp\/v2\/product"}],"about":[{"href":"https:\/\/sexysiempre.com\/web\/wp-json\/wp\/v2\/types\/product"}],"wp:featuredmedia":[{"embeddable":true,"href":"https:\/\/sexysiempre.com\/web\/wp-json\/wp\/v2\/media\/9658"}],"wp:attachment":[{"href":"https:\/\/sexysiempre.com\/web\/wp-json\/wp\/v2\/media?parent=9657"}],"wp:term":[{"taxonomy":"product_brand","embeddable":true,"href":"https:\/\/sexysiempre.com\/web\/wp-json\/wp\/v2\/product_brand?post=9657"},{"taxonomy":"product_cat","embeddable":true,"href":"https:\/\/sexysiempre.com\/web\/wp-json\/wp\/v2\/product_cat?post=9657"},{"taxonomy":"product_tag","embeddable":true,"href":"https:\/\/sexysiempre.com\/web\/wp-json\/wp\/v2\/product_tag?post=9657"}],"curies":[{"name":"wp","href":"https:\/\/api.w.org\/{rel}","templated":true}]}}