{"id":9993,"date":"2022-11-11T21:22:48","date_gmt":"2022-11-12T00:22:48","guid":{"rendered":"https:\/\/sexysiempre.com\/web\/?post_type=product&#038;p=9993"},"modified":"2026-02-28T18:57:15","modified_gmt":"2026-02-28T21:57:15","slug":"conjunto-en-cuero-ecologico-de-corpino-y-tanga-unida-a-esposas","status":"publish","type":"product","link":"https:\/\/sexysiempre.com\/web\/producto\/conjunto-en-cuero-ecologico-de-corpino-y-tanga-unida-a-esposas","title":{"rendered":"Conjunto en cuero ecol\u00f2gico de  corpi\u00f1o y tanga unida a esposas"},"content":{"rendered":"<p style=\"text-align: center;\">CU03<\/p>\n<p style=\"text-align: center;\">Imagin\u00e0s este conjunto en tu cuerpo o en el de tu amante?&#8230;cuero ecol\u00f2gico de seducci\u00f2n plena y limitaci\u00f2n de movimientos. Las esposas, una de cada lado de la tanga sujetar\u00e0 las manos que no dejar\u00e0n escapar.<\/p>\n","protected":false},"excerpt":{"rendered":"<p>CU03 Imagin\u00e0s este conjunto en tu cuerpo o en el de tu amante?&#8230;cuero ecol\u00f2gico de seducci\u00f2n plena y limitaci\u00f2n de movimientos. Las esposas, una de cada lado de la tanga sujetar\u00e0 las manos que no dejar\u00e0n escapar.<\/p>\n","protected":false},"featured_media":9994,"template":"","meta":[],"product_brand":[],"product_cat":[6,273],"product_tag":[],"class_list":{"0":"post-9993","1":"product","2":"type-product","3":"status-publish","4":"has-post-thumbnail","6":"product_cat-juguetes-accesorios-y-sexshop","7":"product_cat-inmobilizadores-latigos-y-palmetas","9":"first","10":"instock","11":"shipping-taxable","12":"product-type-simple"},"_links":{"self":[{"href":"https:\/\/sexysiempre.com\/web\/wp-json\/wp\/v2\/product\/9993","targetHints":{"allow":["GET"]}}],"collection":[{"href":"https:\/\/sexysiempre.com\/web\/wp-json\/wp\/v2\/product"}],"about":[{"href":"https:\/\/sexysiempre.com\/web\/wp-json\/wp\/v2\/types\/product"}],"wp:featuredmedia":[{"embeddable":true,"href":"https:\/\/sexysiempre.com\/web\/wp-json\/wp\/v2\/media\/9994"}],"wp:attachment":[{"href":"https:\/\/sexysiempre.com\/web\/wp-json\/wp\/v2\/media?parent=9993"}],"wp:term":[{"taxonomy":"product_brand","embeddable":true,"href":"https:\/\/sexysiempre.com\/web\/wp-json\/wp\/v2\/product_brand?post=9993"},{"taxonomy":"product_cat","embeddable":true,"href":"https:\/\/sexysiempre.com\/web\/wp-json\/wp\/v2\/product_cat?post=9993"},{"taxonomy":"product_tag","embeddable":true,"href":"https:\/\/sexysiempre.com\/web\/wp-json\/wp\/v2\/product_tag?post=9993"}],"curies":[{"name":"wp","href":"https:\/\/api.w.org\/{rel}","templated":true}]}}